MONTHLY CLIMATOLOGICAL SUMMARY for JUN. 2011

NAME: DAVIS VP2   CITY: Arena Metato (San Giuliano Terme) (PI) STATE: Italia
ELEV: 15 LAT: 043:46:46 LONG: -010:22:1

                            TEMPERATURE ( C), RAIN (mm), WIND SPEED (kmh)

                                               HEAT     COOL           AVG
      MEAN                                     DEG      DEG            WIND                       DOM
DAY   TEMP    HIGH   TIME     LOW    TIME      DAYS     DAYS    RAIN   SPEED    HIGH    TIME      DIR
----------------------------------------------------------------------------------------------------------------------------------------------------------
01    18.9    23.3   13:47    16.9   06:40     00.0     00.6    07.2   07.0     35.1    17:43      N 
02    19.9    24.3   15:35    15.7   06:08     00.0     01.6    00.6   03.7     27.8    12:50      W 
03    22.4    28.5   14:27    16.2   05:10     00.0     04.1    00.2   04.0     29.6    11:36      E 
04    23.1    28.6   13:25    17.7   06:06     00.0     04.8    00.0   03.7     27.8    14:53      NW
05    21.9    28.3   13:33    18.1   05:28     00.0     03.6    00.4   06.5     55.5    16:51     NNW
06    20.3    24.9   17:22    16.1   01:53     00.0     02.0    07.6   03.5     29.6    01:21      NW
07    19.7    23.3   16:36    17.7   08:35     00.0     01.4    13.4   05.2     33.3    23:58     WNW
08    20.1    22.6   14:16    18.2   00:00     00.0     01.8    02.2   08.4     35.1    11:56     WSW
09    19.3    21.3   14:15    17.2   01:58     00.0     01.0    00.0   10.6     42.5    15:52     WSW
10    19.7    22.2   14:28    17.5   00:00     00.0     01.4    00.0   04.9     29.6    15:54     WSW
11    19.7    22.7   14:51    16.4   04:49     00.0     01.4    00.0   05.6     33.3    13:35     WSW
12    20.0    22.5   17:05    17.7   04:47     00.0     01.7    00.0   05.0     27.8    15:52      W 
13    19.6    22.9   16:16    16.8   04:48     00.0     01.3    00.0   03.6     24.1    16:33      W 
14    21.2    25.4   18:16    15.8   06:42     00.0     02.9    00.0   04.8     29.6    15:09     WNW
15    22.7    27.7   14:53    17.2   06:48     00.0     04.4    00.0   06.5     33.3    17:43     WNW
16    22.5    26.9   15:46    17.4   05:37     00.0     04.2    00.0   04.7     27.8    15:59     WNW
17    22.2    25.8   13:51    17.4   06:34     00.0     03.9    00.0   03.0     22.2    14:58      W 
18    23.2    27.2   13:33    19.8   04:55     00.0     04.9    00.0   09.2     48.1    15:46      S 
19    21.1    22.6   00:01    17.8   23:52     00.0     02.8    00.0   08.4     31.4    11:27     WSW
20    20.8    24.9   14:54    15.3   05:48     00.0     02.5    00.0   04.1     25.9    14:42      W 
21    21.8    26.3   11:25    16.1   06:30     00.0     03.5    00.0   03.5     24.1    13:31      W 
22    23.2    29.5   12:40    16.4   06:25     00.0     04.9    00.0   02.5     22.2    13:28      W 
23    22.7    26.6   16:32    18.0   05:39     00.0     04.4    00.0   03.2     24.1    17:41      W 
24    22.5    26.6   15:39    19.2   05:41     00.0     04.2    00.0   04.0     31.4    14:03     WSW
25    23.3    27.6   14:19    17.2   05:51     00.0     05.0    00.0   04.4     27.8    14:41     WNW
26    24.5    29.5   12:59    19.2   04:55     00.0     06.2    00.0   03.5     25.9    15:28     WNW
27    24.1    28.8   14:11    18.1   06:06     00.0     05.8    00.0   03.4     24.1    14:55     WSW
28    24.3    28.9   12:47    20.3   06:55     00.0     06.0    00.0   04.2     24.1    15:53      W 
29    24.5    28.1   15:05    21.2   06:53     00.0     06.2    00.0   04.8     25.9    16:57      W 
30    24.3    27.9   12:10    20.9   06:07     00.0     06.0    00.0   04.2     25.9    15:04      W 
----------------------------------------------------------------------------------------------------------------------------------------------------------
21.8 (21.8)   29.5  day 26     15.3  day 20   000.0    104.7   031.6   05.0     55.5   day 05      W 
Min <=   30: 30
Max Rain: 13.4 ON 7-06-11
Days of Rain: 7 (> .2mm) 4 (> 2mm) 0 (> 20mm)