MONTHLY CLIMATOLOGICAL SUMMARY for JUN. 2012

NAME: DAVIS VP2   CITY: Arena Metato (San Giuliano Terme) (PI) STATE: Italia
ELEV: 15 LAT: 043:46:46 LONG: -010:22:1

                            TEMPERATURE ( C), RAIN (mm), WIND SPEED (kmh)

                                               HEAT     COOL           AVG
      MEAN                                     DEG      DEG            WIND                       DOM
DAY   TEMP    HIGH   TIME     LOW    TIME      DAYS     DAYS    RAIN   SPEED    HIGH    TIME      DIR
----------------------------------------------------------------------------------------------------------------------------------------------------------
01    20.2    22.8   11:47    17.7   01:18     00.0     01.9    00.0   03.7     24.1    13:46      SW
02    20.3    24.2   16:39    17.1   03:18     00.0     02.0    00.0   03.0     22.2    17:12      SW
03    21.5    25.2   16:17    18.2   06:18     00.0     03.2    00.0   04.4     31.4    16:23      S 
04    20.2    22.6   13:56    16.9   23:51     00.0     01.9    00.2   08.6     46.3    12:30     SSW
05    19.3    24.0   13:27    14.1   05:32     00.0     01.0    00.0   04.8     25.9    18:11     WSW
06    19.2    23.6   16:23    13.9   06:12     00.0     00.9    00.0   05.4     29.6    15:25      W 
07    20.6    25.0   14:12    16.2   06:18     00.0     02.3    00.0   04.7     29.6    15:04      SW
08    23.3    30.4   16:39    16.5   03:30     00.0     05.0    00.0   06.2     40.7    16:30      SE
09    22.4    27.4   12:07    18.6   23:32     00.0     04.1    00.0   06.1     31.4    16:06     SSW
10    19.7    22.8   14:13    16.3   06:08     00.0     01.4    05.0   09.0     46.3    11:02     WSW
11    20.7    22.7   15:49    19.0   22:47     00.0     02.4    02.6   12.5     48.1    12:13      SW
12    19.3    21.4   11:42    17.1   05:30     00.0     01.0    00.2   12.2     50.0    11:59      SW
13    19.4    21.0   15:53    18.1   00:00     00.0     01.1    00.0   11.0     42.5    10:02      SW
14    19.7    23.9   16:03    14.1   05:50     00.0     01.4    00.0   03.7     25.9    16:10      W 
15    20.7    26.9   12:52    12.5   05:06     00.0     02.4    00.0   03.4     22.2    13:44      W 
16    23.5    30.5   14:02    14.3   06:24     00.0     05.2    00.0   03.7     20.4    16:54      W 
17    24.1    31.0   14:17    16.2   06:20     00.0     05.8    00.0   03.5     20.4    15:32     WNW
18    24.7    32.6   12:58    17.2   06:42     00.0     06.4    00.0   04.0     24.1    15:30     WNW
19    25.7    33.6   14:03    18.8   06:04     00.0     07.4    00.0   03.2     25.9    17:15     WSW
20    26.0    33.2   16:55    19.3   06:25     00.0     07.7    00.0   02.5     27.8    13:22      SW
21    23.7    26.7   15:28    19.2   06:26     00.0     05.4    00.0   05.8     25.9    12:52      W 
22    23.4    27.2   13:01    19.9   06:18     00.0     05.1    00.0   03.8     25.9    15:00      SW
23    23.4    28.9   14:22    18.5   04:00     00.0     05.1    00.0   03.8     27.8    15:12      SW
24    22.7    28.1   11:42    16.9   07:06     00.0     04.4    00.0   03.5     24.1    16:58      SW
25    23.7    28.0   13:12    19.4   05:44     00.0     05.4    00.0   03.3     33.3    15:04     WSW
26    24.6    30.6   14:14    18.3   05:33     00.0     06.3    00.0   03.4     24.1    16:30      W 
27    27.1    33.3   13:54    20.1   05:43     00.0     08.8    00.0   03.5     27.8    15:07     WNW
28    26.1    30.9   11:39    21.0   05:52     00.0     07.8    00.0   03.7     25.9    12:12     WSW
29    26.0    31.3   12:47    20.0   06:08     00.0     07.7    00.0   02.7     22.2    15:20      SW
30    26.2    31.0   12:11    20.5   06:17     00.0     07.9    00.0   02.7     24.1    13:30     WSW
----------------------------------------------------------------------------------------------------------------------------------------------------------
22.6 (22.4)   33.6  day 19     12.5  day 15   000.0    128.4   008.0   05.0     50.0   day 12     WSW
Max >=  30: 11
Min <=   30: 30
Max Rain: 5.0 ON 10-06-12
Days of Rain: 4 (> .2mm) 2 (> 2mm) 0 (> 20mm)