MONTHLY CLIMATOLOGICAL SUMMARY for JUN. 2015

NAME:    CITY:  STATE: 
ELEV:  LAT:  LONG: 

                            TEMPERATURE ( C), RAIN (mm), WIND SPEED (kmh)

                                               HEAT     COOL           AVG
      MEAN                                     DEG      DEG            WIND                       DOM
DAY   TEMP    HIGH   TIME     LOW    TIME      DAYS     DAYS    RAIN   SPEED    HIGH    TIME      DIR
----------------------------------------------------------------------------------------------------------------------------------------------------------
01    19.9    25.1   16:24    13.8   06:38     00.0     01.6    00.0   05.2     22.2    17:14     WNW
02    20.0    24.9   11:37    14.7   06:41     00.0     01.7    00.0   05.0     22.2    16:36      W 
03    20.8    25.1   14:24    15.9   06:05     00.0     02.5    00.0   04.5     20.4    16:03     WNW
04    23.1    28.1   14:46    18.3   06:11     00.0     04.8    00.0   05.1     22.2    15:51     WNW
05    26.0    33.2   14:01    18.9   05:33     00.0     07.7    00.0   05.8     25.9    12:20      N 
06    26.0    32.6   12:02    20.0   06:08     00.0     07.7    00.0   04.5     24.1    14:10      SW
07    25.9    32.5   12:53    20.2   06:55     00.0     07.6    00.0   05.4     27.8    18:12      NW
08    24.9    30.4   17:04    20.1   06:31     00.0     06.6    00.0   05.2     24.1    14:26      NW
09    22.3    27.8   15:39    18.7   03:49     00.0     04.0    01.8   05.4     24.1    05:02     NNW
10    23.7    29.9   13:40    17.7   05:56     00.0     05.4    00.0   05.3     27.8    16:00      NW
11    24.1    30.7   13:56    17.9   06:09     00.0     05.8    00.0   04.3     24.1    15:56      SW
12    23.5    28.1   11:31    18.7   05:23     00.0     05.2    00.2   05.0     33.3    15:27      SE
13    25.6    30.8   16:09    20.6   01:57     00.0     07.3    00.0   06.1     29.6    17:01     ESE
14    22.2    25.1   17:44    19.6   04:41     00.0     03.9    01.6   04.1     27.8    12:07      S 
15    22.0    24.7   12:42    19.7   00:00     00.0     03.7    13.2   07.6     31.4    16:57      W 
16    21.1    24.3   16:59    17.2   05:33     00.0     02.8    11.6   06.8     31.4    10:57     WNW
17    22.0    25.7   14:53    17.9   06:38     00.0     03.7    00.0   05.7     25.9    17:07      NE
18    21.8    25.5   11:49    17.2   06:39     00.0     03.5    00.0   05.4     24.1    16:36      W 
19    22.2    26.3   15:29    18.2   05:24     00.0     03.9    00.0   05.3     20.4    14:44      W 
20    22.3    26.7   12:54    17.9   06:26     00.0     04.0    00.0   06.2     25.9    16:39      NW
21    21.9    26.5   14:17    16.4   06:00     00.0     03.6    00.0   05.4     27.8    16:27     WNW
22    22.1    26.9   11:26    16.1   05:57     00.0     03.8    00.2   05.6     31.4    15:06      SW
23    23.6    27.6   15:28    19.2   06:24     00.0     05.3    00.0   06.3     27.8    10:29      SW
24    22.6    27.4   16:18    16.8   02:44     00.0     04.3    06.8   08.8     31.4    10:03     ENE
25    22.6    28.4   13:58    15.9   06:22     00.0     04.3    00.0   07.4     29.6    09:54     NNW
26    22.7    28.4   13:20    16.0   06:08     00.0     04.4    00.0   05.3     27.8    14:41      W 
27    22.6    27.2   13:59    16.9   06:34     00.0     04.3    00.0   05.2     24.1    16:27      W 
28    24.0    29.9   15:28    17.3   05:51     00.0     05.7    00.0   04.7     22.2    17:12     WNW
29    25.1    30.4   11:03    18.9   05:56     00.0     06.8    00.0   04.4     18.5    17:17     WSW
30    25.0    30.1   11:58    19.4   06:26     00.0     06.7    00.0   04.5     22.2    15:45      W 
----------------------------------------------------------------------------------------------------------------------------------------------------------
23.0 (22.9)   33.2  day 05     13.8  day 01   000.0    142.4   035.4   05.5     33.3   day 12     WNW
Max >=  30: 8
Min <=   30: 30
Max Rain: 13.2 ON 15-06-15
Days of Rain: 7 (> .2mm) 3 (> 2mm) 0 (> 20mm)