MONTHLY CLIMATOLOGICAL SUMMARY for JUN. 2017

NAME:    CITY:  STATE: 
ELEV:  LAT:  LONG: 

                            TEMPERATURE ( C), RAIN (mm), WIND SPEED (kmh)

                                               HEAT     COOL           AVG
      MEAN                                     DEG      DEG            WIND                       DOM
DAY   TEMP    HIGH   TIME     LOW    TIME      DAYS     DAYS    RAIN   SPEED    HIGH    TIME      DIR
----------------------------------------------------------------------------------------------------------------------------------------------------------
01    21.9    27.6   16:56    15.8   06:36     00.0     03.6    00.0   03.9     24.1    13:59     WSW
02    20.9    26.7   12:08    15.4   06:10     00.0     02.6    00.0   04.4     22.2    16:11     WSW
03    21.8    26.7   14:22    16.4   06:27     00.0     03.5    00.0   05.1     24.1    11:53      W 
04    21.7    26.0   14:17    17.2   06:15     00.0     03.4    00.0   05.4     27.8    12:12      W 
05    22.0    28.1   12:32    15.9   05:26     00.0     03.7    00.0   05.0     25.9    13:32      W 
06    22.3    25.1   15:36    19.9   05:09     00.0     04.0    00.0   07.6     37.0    17:24      SW
07    20.5    22.6   15:25    17.5   00:00     00.0     02.2    00.0   07.3     31.4    13:35      SW
08    21.6    27.7   13:17    14.0   05:27     00.0     03.3    00.0   06.3     27.8    13:49      NW
09    22.9    28.8   14:43    15.4   05:28     00.0     04.6    00.0   04.8     22.2    16:52      W 
10    22.8    27.9   14:40    17.5   06:40     00.0     04.5    00.0   05.1     22.2    15:06      W 
11    25.0    32.5   13:29    16.8   05:39     00.0     06.7    00.0   05.7     29.6    15:50      NW
12    24.9    30.6   11:34    19.1   06:18     00.0     06.6    00.0   05.6     25.9    16:08     WSW
13    24.8    29.8   15:51    18.7   06:01     00.0     06.5    00.0   04.5     20.4    17:05     WSW
14    24.7    28.3   16:30    21.2   01:13     00.0     06.4    00.0   04.5     25.9    12:17      W 
15    25.0    30.2   11:55    21.5   03:14     00.0     06.7    00.0   05.3     25.9    16:41     WNW
16    25.7    30.3   11:33    21.2   05:49     00.0     07.4    00.0   05.4     24.1    16:02     WNW
17    27.4    33.1   15:39    21.3   06:10     00.0     09.1    00.0   05.3     25.9    16:11      NW
18    27.7    31.3   17:00    24.8   00:00     00.0     09.4    00.0   11.5     42.5    08:41     ESE
19    26.3    31.6   13:21    20.8   04:13     00.0     08.0    00.0   09.1     31.4    15:00      N 
20    24.6    29.5   13:55    18.7   05:59     00.0     06.3    00.0   05.9     24.1    16:20     WSW
21    24.2    28.6   15:21    18.7   06:32     00.0     05.9    00.0   05.8     24.1    13:09      W 
22    24.9    29.4   16:47    20.0   04:50     00.0     06.6    00.0   05.5     24.1    14:49      W 
23    25.2    28.7   15:18    21.0   04:15     00.0     06.9    00.0   06.1     31.4    16:24      W 
24    25.7    30.0   17:24    23.0   00:37     00.0     07.4    00.0   04.7     24.1    15:49      NW
25    26.0    29.1   15:14    22.9   00:00     00.0     07.7    00.0   06.0     27.8    10:41     WNW
26    26.3    30.4   13:54    20.4   05:59     00.0     08.0    00.0   05.5     25.9    15:35     WNW
27    27.0    31.7   11:51    21.8   07:19     00.0     08.7    00.0   06.1     31.4    14:49      SW
28    24.1    29.1   10:29    19.2   18:40     00.0     05.8    22.4   07.8     64.8    14:52      SE
29    24.0    26.2   16:46    22.3   04:04     00.0     05.7    00.0   16.0     55.5    00:01      SW
30    22.1    23.8   18:55    18.8   23:57     00.0     03.8    00.2   05.0     20.4    19:37     SSW
----------------------------------------------------------------------------------------------------------------------------------------------------------
24.1 (24.0)   33.1  day 17     14.0  day 08   000.0    174.9   022.6   06.2     64.8   day 28     WSW
Max >=  30: 9
Min <=   30: 30
Max Rain: 22.4 ON 28-06-17
Days of Rain: 2 (> .2mm) 1 (> 2mm) 1 (> 20mm)