MONTHLY CLIMATOLOGICAL SUMMARY for JUN. 2018

NAME:    CITY:  STATE: 
ELEV:  LAT:  LONG: 

                            TEMPERATURE ( C), RAIN (mm), WIND SPEED (kmh)

                                               HEAT     COOL           AVG
      MEAN                                     DEG      DEG            WIND                       DOM
DAY   TEMP    HIGH   TIME     LOW    TIME      DAYS     DAYS    RAIN   SPEED    HIGH    TIME      DIR
----------------------------------------------------------------------------------------------------------------------------------------------------------
01    20.6    23.7   14:19    17.6   04:25     00.0     02.3    00.0   06.1     29.6    12:01     WSW
02    20.6    25.1   15:45    15.9   06:34     00.0     02.3    00.2   03.7     20.4    16:35     WSW
03    22.5    28.9   16:37    15.7   06:30     00.0     04.2    00.0   03.6     24.1    14:37     SSW
04    21.2    25.8   12:40    18.4   00:00     00.0     02.9    00.2   06.2     31.4    12:43      W 
05    20.9    24.9   11:55    16.3   05:50     00.0     02.6    00.0   05.8     27.8    16:23      W 
06    21.3    24.8   12:12    18.3   04:45     00.0     03.0    00.0   05.1     27.8    17:05      W 
07    21.6    26.7   12:28    17.3   05:40     00.0     03.3    00.2   04.7     24.1    15:20     WNW
08    21.4    25.0   13:21    18.2   06:10     00.0     03.1    01.6   08.6     31.4    15:10     WNW
09    21.9    24.0   16:41    18.9   23:31     00.0     03.6    00.0   10.9     31.4    12:31      W 
10    21.8    26.3   13:20    17.3   06:01     00.0     03.5    00.0   04.7     24.1    15:04      SW
11    23.3    29.7   11:50    17.3   05:56     00.0     05.0    00.0   03.5     27.8    12:52      N 
12    22.1    24.8   16:01    18.7   06:42     00.0     03.8    00.0   05.9     29.6    19:37     WSW
13    20.9    24.6   11:26    18.3   23:59     00.0     02.6    09.6   03.9     24.1    13:27      NW
14    21.7    27.3   15:47    17.4   05:53     00.0     03.4    00.0   04.1     25.9    16:15     NNE
15    22.6    27.1   11:56    17.7   04:57     00.0     04.3    00.0   06.5     27.8    14:38      NW
16    22.6    28.2   11:33    16.9   06:11     00.0     04.3    00.0   06.7     29.6    17:28     WNW
17    22.9    27.8   10:54    17.4   05:10     00.0     04.6    00.0   05.9     24.1    18:18     WNW
18    24.0    30.2   15:17    18.8   05:59     00.0     05.7    00.0   03.3     24.1    15:46     NNW
19    25.6    31.5   12:39    18.3   05:29     00.0     07.3    00.0   05.3     24.1    16:24     NNW
20    26.5    32.1   14:52    19.6   06:07     00.0     08.2    00.0   06.5     31.4    13:23     NNE
21    24.9    29.2   11:06    20.6   05:38     00.0     06.6    00.0   05.3     31.4    15:24      SW
22    24.7    29.5   17:36    20.1   04:57     00.0     06.4    00.0   04.1     22.2    13:28     NNW
23    24.8    28.3   17:10    21.2   00:00     00.0     06.5    00.0   08.9     37.0    09:19     ENE
24    22.9    28.2   15:50    17.7   06:20     00.0     04.6    00.0   05.3     25.9    18:33     NNW
25    21.4    27.8   11:28    15.7   05:56     00.0     03.1    02.0   05.0     31.4    17:03     ENE
26    22.7    27.0   13:36    17.5   05:59     00.0     04.4    00.0   08.1     31.4    15:14     NNW
27    22.4    27.3   11:17    16.2   06:20     00.0     04.1    00.0   06.7     29.6    19:08     WNW
28    21.9    26.4   12:19    17.1   06:04     00.0     03.6    00.0   05.3     29.6    00:58      NW
29    22.5    26.3   16:47    17.2   05:51     00.0     04.2    00.0   06.9     29.6    16:47     WNW
30    24.4    28.1   15:30    20.3   06:36     00.0     06.1    00.0   04.8     25.9    16:24      W 
----------------------------------------------------------------------------------------------------------------------------------------------------------
22.6 (22.6)   32.1  day 20     15.7  day 03   000.0    129.4   013.8   05.7     37.0   day 23     WNW
Max >=  30: 3
Min <=   30: 30
Max Rain: 9.6 ON 13-06-18
Days of Rain: 6 (> .2mm) 1 (> 2mm) 0 (> 20mm)