MONTHLY CLIMATOLOGICAL SUMMARY for JUN. 2020

NAME:    CITY:  STATE: 
ELEV:  LAT:  LONG: 

                            TEMPERATURE ( C), RAIN (mm), WIND SPEED (kmh)

                                               HEAT     COOL           AVG
      MEAN                                     DEG      DEG            WIND                       DOM
DAY   TEMP    HIGH   TIME     LOW    TIME      DAYS     DAYS    RAIN   SPEED    HIGH    TIME      DIR
----------------------------------------------------------------------------------------------------------------------------------------------------------
01    19.9    24.8   14:37    14.0   06:13     00.0     01.6    00.0   00.0     00.0    00:00      W 
02    20.7    26.6   11:17    15.3   06:26     00.0     02.4    00.0   01.0     24.1    19:45      W 
03    20.6    23.5   17:44    17.7   06:39     00.0     02.3    00.0   01.1     29.6    15:29     WSW
04    19.6    23.3   15:55    16.8   01:32     00.0     01.3    07.0   03.1     48.1    21:18      SE
05    20.6    23.1   17:48    17.6   00:00     00.0     02.3    00.2   06.4     35.1    12:41      SW
06    19.9    22.7   14:04    16.0   04:45     00.0     01.6    00.0   03.4     31.4    10:12      W 
07    20.8    24.5   12:27    15.8   06:16     00.0     02.5    00.2   02.1     31.4    15:56      S 
08    20.2    23.4   15:29    18.2   03:01     00.0     01.9    15.8   01.6     24.1    03:03      SW
09    19.1    22.5   11:32    15.2   05:59     00.0     00.8    00.0   05.2     31.4    19:08     WNW
10    16.2    19.4   15:58    14.0   12:08     02.1     00.0    31.4   00.1     18.5    20:05     ENE
11    17.7    21.6   18:09    14.1   04:22     00.6     00.0    00.0   02.6     22.2    15:18      S 
12    19.9    25.4   17:43    14.3   04:14     00.0     01.6    00.2   01.9     20.4    15:52      E 
13    19.4    25.8   15:01    15.1   00:00     00.0     01.1    06.0   01.6     33.3    18:42     SSE
14    19.1    22.7   15:28    15.0   00:22     00.0     00.8    30.8   01.5     22.2    15:34      W 
15    20.4    23.6   16:59    17.3   03:40     00.0     02.1    00.0   01.0     27.8    11:43     SSW
16    21.3    24.8   11:58    18.7   05:28     00.0     03.0    00.0   01.1     25.9    13:05     SSW
17    20.7    22.8   17:11    18.8   06:13     00.0     02.4    01.2   03.5     38.9    12:55     WSW
18    20.7    23.8   15:34    17.7   23:30     00.0     02.4    00.0   00.6     27.8    10:07      W 
19    20.7    24.7   12:13    15.6   06:05     00.0     02.4    00.0   00.4     24.1    16:19     SSW
20    20.9    24.7   15:49    16.2   05:26     00.0     02.6    00.0   00.3     16.6    18:48      SW
21    21.6    25.6   14:54    17.7   05:12     00.0     03.3    00.0   00.2     18.5    12:39     SSW
22    23.4    28.7   18:28    17.6   06:15     00.0     05.1    00.0   00.2     16.6    20:34      W 
23    24.5    30.7   15:20    17.0   05:59     00.0     06.2    00.0   00.1     16.6    16:13      NW
24    25.2    31.1   11:41    18.6   05:51     00.0     06.9    00.0   00.5     18.5    14:10     SSW
25    24.8    29.6   17:03    18.8   06:27     00.0     06.5    00.0   00.4     16.6    12:51      S 
26    24.2    29.9   12:01    17.5   06:35     00.0     05.9    00.0   00.5     18.5    12:49     SSW
27    24.4    30.7   13:40    17.6   05:34     00.0     06.1    00.0   00.0     00.0    00:00     SSE
28    24.4    29.9   11:48    17.9   05:39     00.0     06.1    00.0   00.0     00.0    00:00     SSW
29    24.5    28.1   16:46    19.9   05:46     00.0     06.2    00.0   00.5     20.4    17:11     WSW
30    25.1    28.4   16:45    20.9   05:29     00.0     06.8    00.0   01.0     24.1    13:00     WNW
----------------------------------------------------------------------------------------------------------------------------------------------------------
21.3 (21.2)   31.1  day 24     14.0  day 01   002.7    094.0   092.8   01.4     48.1   day 04      SW
Max >=  30: 3
Min <=   30: 30
Max Rain: 31.4 ON 10-06-20
Days of Rain: 9 (> .2mm) 5 (> 2mm) 2 (> 20mm)