MONTHLY CLIMATOLOGICAL SUMMARY for JUL. 2011

NAME: DAVIS VP2   CITY: Arena Metato (San Giuliano Terme) (PI) STATE: Italia
ELEV: 15 LAT: 043:46:46 LONG: -010:22:1

                            TEMPERATURE ( C), RAIN (mm), WIND SPEED (kmh)

                                               HEAT     COOL           AVG
      MEAN                                     DEG      DEG            WIND                       DOM
DAY   TEMP    HIGH   TIME     LOW    TIME      DAYS     DAYS    RAIN   SPEED    HIGH    TIME      DIR
----------------------------------------------------------------------------------------------------------------------------------------------------------
01    24.4    27.8   16:26    22.2   06:34     00.0     06.1    00.0   04.4     25.9    14:50     WNW
02    23.0    26.0   17:40    20.0   03:13     00.0     04.7    00.0   05.0     33.3    07:37     ENE
03    22.4    26.2   16:27    17.4   05:01     00.0     04.1    00.0   04.9     29.6    17:56     WNW
04    23.1    27.2   13:01    19.2   04:11     00.0     04.8    01.4   03.1     27.8    15:52     WSW
05    23.4    26.6   13:13    20.2   05:37     00.0     05.1    00.2   06.7     31.4    15:37      NW
06    23.9    27.5   15:23    20.6   03:37     00.0     05.6    00.0   04.0     27.8    18:00      W 
07    24.8    29.7   15:24    19.6   06:18     00.0     06.5    00.0   03.3     25.9    16:18      W 
08    25.4    30.9   13:03    19.7   06:19     00.0     07.1    00.0   04.3     31.4    16:47      SW
09    25.6    30.3   12:33    19.9   04:53     00.0     07.3    00.0   03.3     24.1    14:46      SW
10    25.4    29.7   17:12    20.7   06:36     00.0     07.1    00.0   02.7     24.1    14:16      W 
11    25.9    30.5   13:26    21.0   04:41     00.0     07.6    00.0   02.9     25.9    13:55      W 
12    27.0    33.3   12:19    20.2   06:01     00.0     08.7    00.0   02.3     25.9    12:48      W 
13    27.7    33.6   13:09    21.6   06:07     00.0     09.4    00.0   04.5     29.6    20:25     SSW
14    24.5    26.8   10:33    21.6   23:37     00.0     06.2    00.0   07.7     33.3    17:42      W 
15    23.1    25.4   14:29    19.3   23:59     00.0     04.8    00.0   11.8     38.9    12:29      W 
16    22.0    25.6   14:57    17.9   05:39     00.0     03.7    00.0   05.7     31.4    16:01      W 
17    23.8    27.9   17:00    19.6   03:02     00.0     05.5    00.0   05.5     31.4    13:41      SW
18    22.6    24.5   14:32    19.9   22:43     00.0     04.3    00.0   10.7     40.7    17:36      W 
19    20.3    25.0   13:56    16.6   22:15     00.0     02.0    12.0   04.1     27.8    12:25      NW
20    20.2    22.7   14:58    16.8   01:58     00.0     01.9    00.0   09.1     42.5    13:55      W 
21    20.8    23.6   11:24    17.5   06:31     00.0     02.5    00.0   07.1     37.0    15:52     WSW
22    22.1    25.2   17:31    18.8   00:00     00.0     03.8    00.0   04.6     37.0    11:05      SW
23    20.7    24.6   11:10    16.6   04:36     00.0     02.4    00.0   05.5     31.4    14:58     WSW
24    21.3    24.1   13:31    18.6   23:56     00.0     03.0    00.8   07.5     35.1    15:25      W 
25    20.7    25.2   15:14    14.8   06:30     00.0     02.4    00.2   03.3     25.9    15:43     WNW
26    21.5    26.3   12:17    16.2   06:30     00.0     03.2    00.0   03.8     25.9    15:28     WNW
27    19.8    22.7   18:21    16.1   06:29     00.0     01.5    05.2   02.2     24.1    10:42      NE
28    21.1    24.9   13:20    16.4   06:01     00.0     02.8    00.2   05.5     29.6    17:24     WNW
29    22.5    26.0   18:21    18.5   06:34     00.0     04.2    00.0   02.9     27.8    16:11     WNW
30    21.8    25.3   10:54    18.3   07:13     00.0     03.5    00.0   04.4     29.6    14:12      W 
31    22.2    26.5   17:25    17.2   05:33     00.0     03.9    00.0   05.6     29.6    17:25     WNW
----------------------------------------------------------------------------------------------------------------------------------------------------------
23.0 (22.8)   33.6  day 13     14.8  day 25   000.0    145.6   020.0   05.1     42.6   day 20      W 
Max >=  30: 5
Min <=   30: 31
Max Rain: 12.0 ON 19-07-11
Days of Rain: 7 (> .2mm) 2 (> 2mm) 0 (> 20mm)