MONTHLY CLIMATOLOGICAL SUMMARY for JUL. 2012

NAME: DAVIS VP2   CITY: Arena Metato (San Giuliano Terme) (PI) STATE: Italia
ELEV: 15 LAT: 043:46:46 LONG: -010:22:1

                            TEMPERATURE ( C), RAIN (mm), WIND SPEED (kmh)

                                               HEAT     COOL           AVG
      MEAN                                     DEG      DEG            WIND                       DOM
DAY   TEMP    HIGH   TIME     LOW    TIME      DAYS     DAYS    RAIN   SPEED    HIGH    TIME      DIR
----------------------------------------------------------------------------------------------------------------------------------------------------------
01    26.7    34.5   13:03    19.9   05:27     00.0     08.4    00.0   03.1     27.8    14:30     WSW
02    25.6    31.4   10:42    21.0   23:55     00.0     07.3    00.0   07.4     37.0    17:23      W 
03    22.7    26.5   14:51    19.0   05:57     00.0     04.4    00.0   04.8     31.4    16:09     WSW
04    23.0    27.1   11:29    17.5   06:17     00.0     04.7    00.0   03.8     25.9    19:28      W 
05    24.3    29.9   16:11    18.5   05:53     00.0     06.0    00.0   02.9     24.1    12:29     WSW
06    24.4    27.9   16:39    20.1   06:00     00.0     06.1    00.0   04.8     29.6    12:44     WSW
07    24.4    29.1   15:14    19.5   05:45     00.0     06.1    00.0   03.6     31.4    15:33     WSW
08    24.8    30.6   12:11    17.9   06:05     00.0     06.5    00.0   03.8     27.8    14:57     WSW
09    25.8    29.4   15:17    21.8   06:24     00.0     07.5    00.0   03.9     25.9    16:04     WSW
10    24.8    29.0   17:38    20.4   06:23     00.0     06.5    00.0   04.3     31.4    14:48     WSW
11    24.9    29.1   17:00    20.3   03:52     00.0     06.6    00.0   03.9     27.8    12:31     WSW
12    24.5    27.7   12:06    21.2   03:52     00.0     06.2    00.0   05.6     35.1    10:20      SW
13    23.1    26.3   16:42    19.2   06:11     00.0     04.8    00.0   09.2     46.3    10:11     WSW
14    25.1    28.3   13:44    23.3   04:59     00.0     06.8    00.0   05.5     25.9    02:25      W 
15    22.9    24.4   16:38    20.0   23:41     00.0     04.6    00.0   09.2     46.3    13:21     WSW
16    23.5    28.4   11:40    17.2   04:06     00.0     05.2    00.0   06.9     31.4    17:51      NW
17    23.6    28.8   15:05    17.2   06:29     00.0     05.3    00.0   04.8     29.6    16:57      W 
18    24.7    31.3   12:36    17.7   06:26     00.0     06.4    00.0   03.8     22.2    16:30      W 
19    24.9    30.1   16:44    18.4   05:35     00.0     06.6    00.0   04.3     25.9    15:48     WSW
20    24.3    29.3   15:37    17.6   06:25     00.0     06.0    00.0   03.3     22.2    17:51      SW
21    24.1    28.4   16:52    19.6   06:27     00.0     05.8    00.0   03.5     24.1    15:16     WSW
22    24.5    29.9   15:34    17.9   06:29     00.0     06.2    00.0   09.2     50.0    22:44      NE
23    23.5    26.7   18:21    20.6   06:22     00.0     05.2    00.0   10.9     42.5    12:11      NE
24    25.5    30.5   19:01    20.7   03:05     00.0     07.2    00.0   03.6     27.8    13:22     NNW
25    24.4    28.5   11:26    19.9   06:04     00.0     06.1    00.0   05.7     31.4    14:18      SW
26    23.5    27.2   14:47    19.7   06:50     00.0     05.2    00.0   04.2     25.9    15:00      SW
27    24.6    30.1   15:11    20.0   05:16     00.0     06.3    00.0   03.9     27.8    16:25     WSW
28    25.6    34.7   12:54    19.4   06:20     00.0     07.3    00.0   04.4     33.3    16:56     SSW
29    25.3    28.6   14:49    22.3   03:30     00.0     07.0    00.0   04.4     35.1    14:39      SW
30    24.4    28.0   12:03    21.5   23:59     00.0     06.1    00.0   05.5     31.4    13:58     SSW
31    24.4    29.5   12:31    19.2   06:33     00.0     06.1    00.0   04.8     27.8    15:58      SW
----------------------------------------------------------------------------------------------------------------------------------------------------------
24.5 (24.3)   34.7  day 28     17.2  day 16   000.0    190.7   000.0   05.1     50.0   day 22     WSW
Max >=  30: 8
Min <=   30: 31
Max Rain: 0.0 ON 0-07-12
Days of Rain: 0 (> .2mm) 0 (> 2mm) 0 (> 20mm)