MONTHLY CLIMATOLOGICAL SUMMARY for JUL. 2013

NAME: DAVIS VP2   CITY: Arena Metato (San Giuliano Terme) (PI) STATE: Italia
ELEV: 15 LAT: 043:46:46 LONG: -010:22:1

                            TEMPERATURE ( C), RAIN (mm), WIND SPEED (kmh)

                                               HEAT     COOL           AVG
      MEAN                                     DEG      DEG            WIND                       DOM
DAY   TEMP    HIGH   TIME     LOW    TIME      DAYS     DAYS    RAIN   SPEED    HIGH    TIME      DIR
----------------------------------------------------------------------------------------------------------------------------------------------------------
01    21.5    26.7   12:27    14.7   06:10     00.0     03.2    00.0   03.3     24.1    15:57      W 
02    22.2    28.1   14:15    14.7   06:10     00.0     03.9    00.0   03.0     20.4    17:27     WSW
03    21.3    26.1   11:43    15.9   06:08     00.0     03.0    00.0   03.0     24.1    13:12      W 
04    23.0    27.0   13:52    19.9   05:52     00.0     04.7    00.0   04.9     31.4    16:30     NNW
05    25.0    31.4   12:17    17.5   06:07     00.0     06.7    00.0   05.0     27.8    18:04      NW
06    25.9    32.2   13:22    18.8   06:12     00.0     07.6    00.0   05.0     29.6    17:33     NNW
07    27.0    31.0   12:16    20.8   06:32     00.0     08.7    00.0   05.7     27.8    19:32     NNE
08    27.4    32.0   16:28    21.8   05:14     00.0     09.1    00.0   05.1     29.6    15:23     NNE
09    26.5    30.3   12:11    20.7   04:57     00.0     08.2    00.0   05.2     35.1    17:08      NW
10    25.3    29.2   11:24    20.3   06:22     00.0     07.0    00.0   04.1     25.9    19:03     WNW
11    24.6    27.4   10:02    22.0   06:10     00.0     06.3    00.0   03.5     25.9    17:17     WNW
12    24.2    27.9   15:13    20.1   05:53     00.0     05.9    00.0   03.7     27.8    16:39      NW
13    24.1    27.7   13:52    20.0   05:29     00.0     05.8    00.0   03.7     27.8    14:44      NW
14    25.0    29.3   12:03    20.6   06:12     00.0     06.7    00.0   04.5     24.1    15:08      NW
15    25.1    29.8   14:33    20.1   06:52     00.0     06.8    00.0   04.4     25.9    18:31      NW
16    25.1    29.2   16:43    20.0   05:59     00.0     06.8    00.0   03.8     22.2    17:23     NNW
17    26.0    31.0   16:20    20.7   06:26     00.0     07.7    00.0   03.1     25.9    17:06      NW
18    25.5    30.6   13:14    21.2   06:41     00.0     07.2    00.0   03.9     31.4    18:06     NNE
19    24.5    28.8   12:41    20.2   05:21     00.0     06.2    00.0   05.0     29.6    16:47     NNW
20    24.7    29.4   16:02    19.4   06:17     00.0     06.4    00.0   04.4     29.6    17:32     NNW
21    25.6    31.3   14:01    18.4   06:31     00.0     07.3    00.0   04.3     25.9    18:11     NNW
22    26.5    32.0   12:48    20.4   05:43     00.0     08.2    00.0   05.2     29.6    16:29      NW
23    25.8    30.6   13:41    20.7   06:19     00.0     07.5    00.0   04.3     27.8    15:38      NW
24    25.6    29.1   13:55    21.7   07:03     00.0     07.3    00.2   04.1     25.9    15:31      NW
25    25.4    28.9   13:53    20.7   06:19     00.0     07.1    00.0   03.5     27.8    15:08     WNW
26    26.0    30.5   14:16    21.5   06:40     00.0     07.7    00.0   02.7     20.4    12:46      NW
27    27.0    32.3   15:18    21.1   06:45     00.0     08.7    00.0   02.0     18.5    17:08     WNW
28    27.9    35.7   14:38    20.9   05:21     00.0     09.6    00.0   03.6     31.4    15:06      SW
29    25.2    28.2   17:45    22.7   04:34     00.0     06.9    03.8   05.2     38.9    16:00      W 
30    24.9    29.2   13:55    19.8   06:31     00.0     06.6    00.0   03.1     22.2    15:46     WNW
31    25.9    31.8   12:24    18.8   06:06     00.0     07.6    00.0   06.3     29.6    15:54     NNW
----------------------------------------------------------------------------------------------------------------------------------------------------------
25.1 (24.9)   35.7  day 28     14.7  day 02   000.0    212.1   004.0   04.1     38.9   day 29      NW
Max >=  30: 14
Min <=   30: 31
Max Rain: 3.8 ON 29-07-13
Days of Rain: 2 (> .2mm) 1 (> 2mm) 0 (> 20mm)