MONTHLY CLIMATOLOGICAL SUMMARY for JUL. 2014

NAME:    CITY:  STATE: 
ELEV:  LAT:  LONG: 

                            TEMPERATURE ( C), RAIN (mm), WIND SPEED (kmh)

                                               HEAT     COOL           AVG
      MEAN                                     DEG      DEG            WIND                       DOM
DAY   TEMP    HIGH   TIME     LOW    TIME      DAYS     DAYS    RAIN   SPEED    HIGH    TIME      DIR
----------------------------------------------------------------------------------------------------------------------------------------------------------
01    21.8    25.8   17:31    17.4   05:57     00.0     03.5    00.0   05.0     24.1    15:28      NW
02    22.3    26.4   16:48    17.0   06:07     00.0     04.0    00.0   03.6     25.9    15:29      W 
03    23.7    30.5   14:48    17.3   06:02     00.0     05.4    00.0   03.0     31.4    16:18      NW
04    25.2    30.9   14:28    20.6   04:50     00.0     06.9    00.0   04.6     46.3    14:37      E 
05    23.1    25.4   12:38    20.5   00:00     00.0     04.8    00.0   05.4     31.4    13:46      W 
06    22.9    26.7   17:44    18.6   04:56     00.0     04.6    00.0   03.8     25.9    12:59     WNW
07    23.8    28.9   12:05    18.8   06:11     00.0     05.5    05.2   04.6     46.3    22:43     ESE
08    20.9    23.3   14:16    18.5   05:48     00.0     02.6    10.2   13.8     59.2    19:37     WSW
09    20.1    22.5   16:33    14.8   00:00     00.0     01.8    00.0   10.5     48.1    16:21      W 
10    18.3    22.4   19:05    13.9   00:24     00.0     00.0    10.4   05.3     31.4    13:36     NNW
11    20.0    24.1   18:33    14.4   05:53     00.0     01.7    00.0   04.4     29.6    14:32      W 
12    20.6    26.6   13:16    16.4   06:12     00.0     02.3    01.6   03.2     33.3    16:56      NW
13    21.2    24.7   15:03    17.4   06:00     00.0     02.9    00.4   04.0     29.6    15:01      W 
14    19.9    23.4   17:34    17.2   11:20     00.0     01.6    30.8   02.3     27.8    06:05     NNW
15    22.0    26.8   16:12    16.7   06:27     00.0     03.7    00.0   04.4     22.2    18:50      NW
16    24.3    28.9   13:08    18.1   06:29     00.0     06.0    00.0   06.2     29.6    18:15      NW
17    25.1    30.3   15:35    19.3   06:47     00.0     06.8    00.0   04.1     25.9    16:07      NW
18    24.6    28.9   13:29    20.8   04:42     00.0     06.3    00.0   02.9     20.4    14:22      W 
19    26.1    31.8   16:45    20.1   06:43     00.0     07.8    00.0   02.2     22.2    13:50     WNW
20    24.9    30.8   13:34    19.2   06:22     00.0     06.6    00.0   02.0     31.4    16:23     ENE
21    20.8    23.9   17:47    16.7   11:16     00.0     02.5    63.4   03.4     74.0    06:09      N 
22    21.7    25.9   14:02    17.4   04:11     00.0     03.4    18.2   05.7     33.3    00:11     NNW
23    23.3    27.1   16:37    20.2   06:46     00.0     05.0    00.4   03.5     24.1    14:36      NW
24    22.1    27.1   15:57    19.4   11:08     00.0     03.8    12.0   01.9     18.5    18:20      N 
25    23.5    27.2   17:43    19.3   06:34     00.0     05.2    00.0   01.8     24.1    13:38      W 
26    22.6    26.5   12:00    19.0   14:37     00.0     04.3    18.6   02.0     38.9    13:21      E 
27    23.0    26.2   16:19    19.7   05:02     00.0     04.7    00.2   03.7     25.9    15:56      NW
28    23.7    27.6   13:14    19.4   06:22     00.0     05.4    00.0   01.7     25.9    15:38     WSW
29    21.6    23.6   01:14    17.8   13:47     00.0     03.3    24.6   04.2     33.3    11:38      NW
30    20.0    23.4   17:24    16.8   05:15     00.0     01.7    18.6   01.9     68.5    12:16      NW
31    22.1    25.9   15:42    17.9   06:48     00.0     03.8    00.0   04.2     61.0    15:19      W 
----------------------------------------------------------------------------------------------------------------------------------------------------------
22.4 (22.3)   31.8  day 19     13.9  day 10   000.0    128.0   214.8   04.2     74.0   day 21     WNW
Max >=  30: 5
Min <=   30: 31
Max Rain: 63.4 ON 21-07-14
Days of Rain: 14 (> .2mm) 10 (> 2mm) 3 (> 20mm)