MONTHLY CLIMATOLOGICAL SUMMARY for JUL. 2015

NAME:    CITY:  STATE: 
ELEV:  LAT:  LONG: 

                            TEMPERATURE ( C), RAIN (mm), WIND SPEED (kmh)

                                               HEAT     COOL           AVG
      MEAN                                     DEG      DEG            WIND                       DOM
DAY   TEMP    HIGH   TIME     LOW    TIME      DAYS     DAYS    RAIN   SPEED    HIGH    TIME      DIR
----------------------------------------------------------------------------------------------------------------------------------------------------------
01    26.4    32.2   12:29    20.8   05:59     00.0     08.1    00.0   04.3     25.9    13:28     WSW
02    26.4    31.1   16:19    21.3   06:31     00.0     08.1    00.0   04.8     20.4    15:22      W 
03    26.1    31.6   12:27    21.4   06:13     00.0     07.8    03.0   06.3     27.8    20:13      NW
04    27.9    34.0   12:37    22.3   05:26     00.0     09.6    00.0   04.7     20.4    15:56     WNW
05    27.3    32.3   13:43    22.6   06:13     00.0     09.0    00.0   04.4     20.4    16:01     WSW
06    26.8    30.9   12:52    22.3   06:04     00.0     08.5    00.0   04.6     22.2    14:57     WSW
07    26.7    32.1   16:08    21.3   05:29     00.0     08.4    00.0   04.6     22.2    13:59      W 
08    27.0    30.8   17:29    23.2   07:09     00.0     08.7    00.0   04.6     22.2    14:30      SW
09    27.3    31.1   15:14    22.2   06:02     00.0     09.0    00.0   05.3     25.9    17:45      NW
10    27.9    32.8   15:35    23.7   00:00     00.0     09.6    00.0   08.2     31.4    10:28     NNE
11    26.3    31.7   11:23    20.4   05:06     00.0     08.0    00.0   05.1     24.1    15:47      W 
12    26.3    31.6   15:23    21.0   07:00     00.0     08.0    00.0   04.6     22.2    17:09      W 
13    25.8    30.0   16:46    22.0   06:32     00.0     07.5    00.0   04.9     22.2    15:43      W 
14    26.3    31.4   15:43    21.1   06:17     00.0     08.0    00.0   05.0     22.2    14:51      W 
15    27.7    34.0   15:41    21.3   06:02     00.0     09.4    00.0   03.8     18.5    15:17      W 
16    27.8    33.7   12:34    21.9   06:30     00.0     09.5    00.0   03.8     22.2    13:23     WSW
17    27.3    33.3   14:59    21.1   06:18     00.0     09.0    00.0   04.0     18.5    19:04      W 
18    27.2    31.8   16:36    22.2   05:52     00.0     08.9    00.0   05.1     22.2    14:59      W 
19    27.1    32.5   15:23    20.5   06:25     00.0     08.8    00.0   04.6     22.2    15:05     WSW
20    27.3    32.1   15:04    21.9   05:05     00.0     09.0    00.0   05.3     24.1    15:47     WNW
21    27.7    32.4   17:03    22.5   05:10     00.0     09.4    00.0   04.8     22.2    15:01      W 
22    27.6    31.7   16:50    22.4   05:45     00.0     09.3    00.0   06.2     25.9    15:46     WNW
23    27.5    31.0   14:39    23.3   06:55     00.0     09.2    00.0   05.5     25.9    17:41     WNW
24    27.2    31.4   15:27    21.9   06:40     00.0     08.9    00.0   05.3     25.9    15:06      W 
25    24.8    29.2   16:21    20.8   08:15     00.0     06.5    35.4   04.6     27.8    04:15      S 
26    25.5    29.3   11:01    20.8   06:18     00.0     07.2    00.0   06.8     29.6    16:47     WNW
27    25.6    28.8   15:48    22.1   01:14     00.0     07.3    00.0   08.9     40.7    14:34     WSW
28    24.7    26.9   12:31    22.6   22:42     00.0     06.4    00.0   07.2     33.3    10:43      W 
29    24.8    27.1   15:42    21.3   03:12     00.0     06.5    00.0   07.4     33.3    13:59     WSW
30    25.6    27.9   17:09    22.4   23:50     00.0     07.3    00.0   07.4     31.4    13:20     WSW
31    26.1    31.8   12:43    21.0   06:19     00.0     07.8    00.2   04.4     25.9    15:48      NW
----------------------------------------------------------------------------------------------------------------------------------------------------------
26.6 (26.5)   34.0  day 15     20.4  day 11   000.0    258.8   038.6   05.4     40.7   day 27      W 
Max >=  30: 24
Min <=   30: 31
Max Rain: 35.4 ON 25-07-15
Days of Rain: 3 (> .2mm) 2 (> 2mm) 1 (> 20mm)