MONTHLY CLIMATOLOGICAL SUMMARY for JUL. 2018

NAME:    CITY:  STATE: 
ELEV:  LAT:  LONG: 

                            TEMPERATURE ( C), RAIN (mm), WIND SPEED (kmh)

                                               HEAT     COOL           AVG
      MEAN                                     DEG      DEG            WIND                       DOM
DAY   TEMP    HIGH   TIME     LOW    TIME      DAYS     DAYS    RAIN   SPEED    HIGH    TIME      DIR
----------------------------------------------------------------------------------------------------------------------------------------------------------
01    24.6    30.4   12:38    17.8   05:56     00.0     06.3    00.0   03.0     24.1    15:58      SW
02    24.7    29.3   14:03    18.1   06:06     00.0     06.4    00.0   04.1     22.2    17:47     WSW
03    25.0    28.9   13:57    20.7   06:06     00.0     06.7    00.0   06.0     27.8    14:55      W 
04    24.8    28.4   17:09    21.9   08:20     00.0     06.5    12.8   04.8     25.9    08:19     WSW
05    24.8    29.0   10:52    20.3   05:46     00.0     06.5    00.0   04.7     24.1    16:42     WSW
06    24.4    27.7   16:08    21.2   09:52     00.0     06.1    03.0   03.2     25.9    15:59     SSW
07    25.3    30.7   17:06    20.3   05:49     00.0     07.0    00.0   04.1     22.2    15:03     WNW
08    25.2    29.7   12:37    20.3   06:15     00.0     06.9    00.0   05.1     22.2    15:19     WNW
09    26.5    31.3   13:30    21.7   04:56     00.0     08.2    00.0   03.6     27.8    14:16     WSW
10    25.2    30.0   11:59    19.6   06:07     00.0     06.9    00.0   03.4     20.4    14:32      SW
11    25.1    29.1   13:28    21.5   06:19     00.0     06.8    00.0   05.7     31.4    14:56      SW
12    23.8    28.0   16:43    19.7   05:54     00.0     05.5    00.0   03.3     22.2    14:40     WNW
13    25.0    30.1   16:37    19.2   06:24     00.0     06.7    00.0   02.7     22.2    14:05     WSW
14    25.9    32.3   13:28    19.1   06:37     00.0     07.6    00.0   02.7     18.5    14:33      SW
15    25.5    30.4   11:53    20.2   05:42     00.0     07.2    00.0   05.1     31.4    17:11      SW
16    25.1    28.9   19:30    20.3   23:51     00.0     06.8    21.8   03.1     48.1    22:41     ENE
17    23.5    27.5   14:57    18.7   05:39     00.0     05.2    01.6   03.4     22.2    15:57     WNW
18    24.9    29.3   15:04    20.4   05:50     00.0     06.6    00.0   03.0     20.4    17:37     WSW
19    25.0    30.2   15:18    19.4   06:19     00.0     06.7    00.0   04.2     22.2    16:44     WSW
20    25.0    28.6   16:19    20.8   05:53     00.0     06.7    00.0   04.5     24.1    15:18      SW
21    25.5    29.9   15:24    20.6   04:52     00.0     07.2    00.0   06.2     37.0    14:53      S 
22    24.9    28.5   12:35    21.8   05:28     00.0     06.6    00.0   06.5     31.4    13:15      SW
23    24.8    29.1   12:05    20.4   07:24     00.0     06.5    04.8   05.8     25.9    15:42     WNW
24    25.8    30.9   11:01    20.3   06:16     00.0     07.5    00.0   05.4     29.6    16:58     WNW
25    25.4    30.1   15:56    20.3   06:33     00.0     07.1    00.0   04.6     20.4    13:32     WNW
26    25.5    32.0   13:00    21.0   06:39     00.0     07.2    00.0   03.7     25.9    14:03      N 
27    26.0    31.9   12:39    20.9   05:16     00.0     07.7    00.0   03.3     20.4    19:07     WSW
28    25.6    29.3   15:50    22.0   04:46     00.0     07.3    00.0   04.6     25.9    16:34      SW
29    26.2    29.9   12:57    23.0   03:56     00.0     07.9    00.0   05.2     25.9    14:33      W 
30    27.6    31.9   15:45    23.2   06:33     00.0     09.3    00.0   06.1     27.8    18:26     WNW
31    28.7    34.2   12:03    23.2   05:49     00.0     10.4    00.0   05.4     24.1    15:54     WNW
----------------------------------------------------------------------------------------------------------------------------------------------------------
25.3 (25.2)   34.2  day 31     17.8  day 01   000.0    218.0   044.0   04.4     48.1   day 21     WSW
Max >=  30: 13
Min <=   30: 31
Max Rain: 21.8 ON 16-07-18
Days of Rain: 5 (> .2mm) 4 (> 2mm) 1 (> 20mm)