MONTHLY CLIMATOLOGICAL SUMMARY for JUL. 2019

NAME:    CITY:  STATE: 
ELEV:  LAT:  LONG: 

                            TEMPERATURE ( C), RAIN (mm), WIND SPEED (kmh)

                                               HEAT     COOL           AVG
      MEAN                                     DEG      DEG            WIND                       DOM
DAY   TEMP    HIGH   TIME     LOW    TIME      DAYS     DAYS    RAIN   SPEED    HIGH    TIME      DIR
----------------------------------------------------------------------------------------------------------------------------------------------------------
01    27.0    32.8   14:04    20.6   06:20     00.0     08.7    00.0   04.2     20.4    15:48      SW
02    27.0    32.8   12:09    20.1   05:22     00.0     08.7    00.0   04.5     18.5    17:01     WSW
03    27.4    33.4   12:02    21.4   06:20     00.0     09.1    00.0   04.7     24.1    15:09     WSW
04    27.7    33.7   12:53    22.0   05:14     00.0     09.4    00.0   05.0     22.2    17:20     WSW
05    26.8    30.5   16:50    21.8   05:44     00.0     08.5    00.0   05.4     22.2    15:42     WSW
06    27.3    31.8   15:51    22.5   05:15     00.0     09.0    00.0   04.4     24.1    15:43      SW
07    25.6    30.8   16:32    20.4   12:29     00.0     07.3    18.6   04.7     46.3    12:07      N 
08    26.4    30.2   14:36    20.7   06:22     00.0     08.1    12.2   05.5     31.4    04:55      S 
09    27.2    31.8   12:49    24.2   06:58     00.0     08.9    00.0   04.2     37.0    17:39     NNE
10    26.8    31.2   12:59    21.4   05:59     00.0     08.5    00.0   05.3     25.9    16:36     ENE
11    25.9    29.7   13:16    21.8   06:12     00.0     07.6    00.0   04.7     25.9    02:35      N 
12    25.4    29.9   12:16    20.5   04:47     00.0     07.1    00.0   04.8     24.1    16:41     WSW
13    26.3    30.6   17:53    22.2   02:39     00.0     08.0    00.0   05.1     25.9    13:59     WNW
14    26.4    31.9   16:29    20.4   06:37     00.0     08.1    00.0   05.0     24.1    01:50      NE
15    20.5    25.9   00:10    18.3   07:56     00.0     02.2    17.0   13.8     55.5    13:59      NE
16    23.8    28.8   16:15    17.3   06:23     00.0     05.5    00.0   07.1     25.9    16:31     NNW
17    23.5    30.1   12:53    17.0   06:28     00.0     05.2    00.0   05.2     25.9    18:28     WNW
18    23.7    28.7   16:52    17.8   05:47     00.0     05.4    00.0   04.1     20.4    14:51     WNW
19    24.3    29.8   13:05    17.9   06:19     00.0     06.0    00.0   03.8     20.4    15:17      W 
20    25.0    30.2   16:50    18.5   05:16     00.0     06.7    00.0   03.7     20.4    15:40      W 
21    24.8    29.9   15:21    19.0   06:14     00.0     06.5    00.0   03.8     22.2    17:04     WSW
22    25.5    30.5   13:03    19.9   05:50     00.0     07.2    00.2   04.0     20.4    14:48     WNW
23    28.6    36.1   14:10    21.7   06:10     00.0     10.3    00.0   04.6     25.9    16:50      NW
24    28.9    35.5   12:26    22.3   06:39     00.0     10.6    00.0   05.2     22.2    16:34     WNW
25    28.9    35.9   12:45    22.8   06:17     00.0     10.6    00.0   03.6     22.2    14:11     WSW
26    28.2    33.0   11:45    22.4   06:23     00.0     09.9    00.0   03.6     22.2    15:27      SW
27    24.9    30.7   14:40    19.8   21:27     00.0     06.6    39.8   06.5     38.9    15:59      NE
28    21.7    26.0   17:31    18.7   10:33     00.0     03.4    51.0   05.8     29.6    18:14      NW
29    24.0    26.4   15:46    20.6   00:00     00.0     05.7    00.0   09.5     33.3    15:58      W 
30    23.6    27.5   17:11    18.9   06:22     00.0     05.3    00.0   03.8     24.1    13:51      SW
31    24.2    28.3   17:33    19.3   06:30     00.0     05.9    00.0   03.5     29.6    14:19     WSW
----------------------------------------------------------------------------------------------------------------------------------------------------------
25.7 (25.6)   36.1  day 23     17.0  day 17   000.0    230.1   138.8   05.1     55.5   day 15     WNW
Max >=  30: 20
Min <=   30: 31
Max Rain: 51.0 ON 28-07-19
Days of Rain: 6 (> .2mm) 5 (> 2mm) 2 (> 20mm)