MONTHLY CLIMATOLOGICAL SUMMARY for JUL. 2020

NAME:    CITY:  STATE: 
ELEV:  LAT:  LONG: 

                            TEMPERATURE ( C), RAIN (mm), WIND SPEED (kmh)

                                               HEAT     COOL           AVG
      MEAN                                     DEG      DEG            WIND                       DOM
DAY   TEMP    HIGH   TIME     LOW    TIME      DAYS     DAYS    RAIN   SPEED    HIGH    TIME      DIR
----------------------------------------------------------------------------------------------------------------------------------------------------------
01    24.9    29.1   15:19    20.6   03:35     00.0     06.6    00.0   00.4     18.5    17:10      W 
02    25.0    29.5   11:26    20.4   06:26     00.0     06.7    00.0   00.6     22.2    14:40     WSW
03    24.8    28.5   14:33    21.7   04:58     00.0     06.5    00.0   00.5     24.1    14:51      SW
04    24.6    28.9   16:41    19.6   06:47     00.0     06.3    00.0   00.6     22.2    15:50      NW
05    25.1    30.2   11:50    19.9   05:42     00.0     06.8    00.0   00.5     25.9    13:48      NW
06    25.1    29.1   12:13    20.7   06:49     00.0     06.8    00.0   00.5     22.2    16:19      W 
07    25.2    29.8   16:49    19.5   05:47     00.0     06.9    00.0   01.2     35.1    09:14     ENE
08    24.4    30.4   14:02    17.1   06:11     00.0     06.1    00.0   01.2     25.9    16:24      NW
09    24.4    29.3   17:46    18.2   04:48     00.0     06.1    00.0   00.8     20.4    14:28      SW
10    24.4    28.9   16:04    19.1   06:33     00.0     06.1    00.0   00.6     18.5    19:16     WSW
11    24.6    28.6   17:14    19.7   05:43     00.0     06.3    00.0   00.8     22.2    13:52      SW
12    26.8    31.5   16:46    21.2   06:22     00.0     08.5    00.0   01.1     35.1    22:28     ENE
13    26.1    29.8   14:50    22.8   23:51     00.0     07.8    00.0   02.1     29.6    03:31      NE
14    24.0    28.7   11:29    17.9   06:33     00.0     05.7    00.0   01.3     24.1    17:53     NNW
15    23.5    29.6   11:59    17.9   06:24     00.0     05.2    00.0   00.7     25.9    13:20      SW
16    23.3    27.4   13:25    18.5   05:46     00.0     05.0    00.0   00.6     22.2    17:48     WNW
17    23.5    27.6   17:24    19.3   06:46     00.0     05.2    00.2   00.0     00.0    00:00      NW
18    23.4    27.8   15:10    18.9   04:14     00.0     05.1    00.0   00.8     25.9    12:22     NNE
19    23.5    28.0   11:17    17.1   06:21     00.0     05.2    00.0   00.7     22.2    14:24      SW
20    23.9    27.8   16:00    18.6   05:37     00.0     05.6    00.0   00.7     24.1    16:25      W 
21    24.4    28.0   16:27    19.8   06:26     00.0     06.1    00.0   00.4     20.4    16:32     WNW
22    24.9    28.8   13:55    20.4   06:18     00.0     06.6    00.0   00.0     01.9    14:46     WNW
23    25.3    29.2   11:29    21.1   06:33     00.0     07.0    00.0   00.0     00.0    00:00      S 
24    23.7    29.1   12:28    18.6   16:16     00.0     05.4    07.2   00.3     57.4    15:52     ENE
25    23.5    29.2   12:57    16.9   05:46     00.0     05.2    00.2   00.4     18.5    17:13     WNW
26    23.7    28.6   16:40    17.6   05:26     00.0     05.4    00.0   00.2     18.5    16:12      S 
27    25.6    31.3   14:12    19.2   06:27     00.0     07.3    00.0   00.0     00.0    00:00      SW
28    25.6    31.2   16:51    19.9   06:30     00.0     07.3    00.0   00.0     00.0    00:00     WSW
29    26.6    31.8   13:57    22.1   06:47     00.0     08.3    00.0   00.0     00.0    00:00      SW
30    26.8    33.1   13:13    21.1   05:36     00.0     08.5    00.0   00.0     00.0    00:00     WSW
31    26.9    32.3   11:59    21.9   06:51     00.0     08.6    00.0   00.0     00.0    00:00     WNW
----------------------------------------------------------------------------------------------------------------------------------------------------------
24.7 (24.5)   33.1  day 30     16.9  day 25   000.0    199.9   007.6   00.5     57.4   day 24     WNW
Max >=  30: 8
Min <=   30: 31
Max Rain: 7.2 ON 24-07-20
Days of Rain: 3 (> .2mm) 1 (> 2mm) 0 (> 20mm)