MONTHLY CLIMATOLOGICAL SUMMARY for AUG. 2011

NAME: DAVIS VP2   CITY: Arena Metato (San Giuliano Terme) (PI) STATE: Italia
ELEV: 15 LAT: 043:46:46 LONG: -010:22:1

                            TEMPERATURE ( C), RAIN (mm), WIND SPEED (kmh)

                                               HEAT     COOL           AVG
      MEAN                                     DEG      DEG            WIND                       DOM
DAY   TEMP    HIGH   TIME     LOW    TIME      DAYS     DAYS    RAIN   SPEED    HIGH    TIME      DIR
----------------------------------------------------------------------------------------------------------------------------------------------------------
07    24.1    25.9   17:01    23.9   00:00     00.0     05.8    00.0   02.4     18.5    17:00      S 
09    23.7    26.2   11:22    10.9   17:00     00.0     05.4    01.2   04.4     31.4    11:31      SW
10    23.4    27.8   11:56    18.2   06:35     00.0     05.1    00.0   05.4     31.4    15:06     WNW
11    22.8    28.5   12:29    17.2   07:09     00.0     04.5    00.0   04.1     25.9    16:26     WNW
12    21.7    26.5   14:01    17.1   06:58     00.0     03.4    00.0   04.3     27.8    15:23     WSW
13    22.3    26.6   15:33    16.9   07:03     00.0     04.0    00.0   03.4     25.9    17:00      W 
14    23.7    29.6   14:23    17.7   06:40     00.0     05.4    00.0   01.9     25.9    15:49      W 
15    23.4    27.8   14:53    18.7   06:28     00.0     05.1    00.0   02.5     29.6    16:12      W 
16    25.0    31.4   13:26    18.8   06:48     00.0     06.7    00.0   03.3     27.8    15:44     WNW
17    26.0    31.8   15:07    20.2   06:58     00.0     07.7    00.0   03.4     24.1    18:16     WNW
18    26.4    31.7   14:11    20.3   07:02     00.0     08.1    00.0   02.1     22.2    14:42     WNW
19    25.9    31.5   11:52    20.1   07:03     00.0     07.6    00.0   02.0     22.2    15:53      W 
20    25.6    32.1   12:36    19.2   06:09     00.0     07.3    00.0   02.1     22.2    15:56     WNW
21    26.7    33.8   14:52    20.0   06:58     00.0     08.4    00.0   02.8     24.1    15:14      NW
22    28.5    38.2   13:33    20.9   06:24     00.0     10.2    00.0   02.0     25.9    15:23     WNW
23    27.0    34.5   13:23    19.4   07:00     00.0     08.7    00.0   01.7     22.2    14:36     WSW
24    26.6    34.6   13:27    19.0   06:36     00.0     08.3    00.0   01.2     18.5    16:29     WSW
25    26.2    34.5   13:32    18.8   05:50     00.0     07.9    00.0   01.8     24.1    14:35      W 
26    26.8    35.5   14:44    18.8   07:05     00.0     08.5    00.0   03.4     38.9    16:33      SW
27    24.1    26.7   09:53    20.5   00:00     00.0     05.8    00.0   07.5     42.5    13:58     WSW
28    22.0    26.6   14:47    16.1   07:01     00.0     03.7    00.0   03.6     29.6    17:36     WNW
29    22.0    25.8   13:14    17.4   05:22     00.0     03.7    00.0   04.2     29.6    16:09      W 
30    22.2    27.0   14:15    17.5   03:10     00.0     03.9    00.0   02.9     33.3    12:42     WSW
31    22.7    27.3   11:21    18.0   07:06     00.0     04.4    00.0   03.4     29.6    15:29     WNW
----------------------------------------------------------------------------------------------------------------------------------------------------------
24.5 (24.3)   38.2  day 22     10.9  day 09   000.0    149.6   007.8   03.2     42.6   day 27      W 
Max >=  30: 11
Min <=   30: 24
Max Rain: 1.2 ON 9-08-11
Days of Rain: 1 (> .2mm) 0 (> 2mm) 0 (> 20mm)