MONTHLY CLIMATOLOGICAL SUMMARY for AUG. 2012

NAME: DAVIS VP2   CITY: Arena Metato (San Giuliano Terme) (PI) STATE: Italia
ELEV: 15 LAT: 043:46:46 LONG: -010:22:1

                            TEMPERATURE ( C), RAIN (mm), WIND SPEED (kmh)

                                               HEAT     COOL           AVG
      MEAN                                     DEG      DEG            WIND                       DOM
DAY   TEMP    HIGH   TIME     LOW    TIME      DAYS     DAYS    RAIN   SPEED    HIGH    TIME      DIR
----------------------------------------------------------------------------------------------------------------------------------------------------------
01    26.1    31.3   13:41    20.2   06:44     00.0     07.8    00.0   05.7     31.4    15:01     WNW
02    25.4    31.3   14:22    20.3   06:29     00.0     07.1    00.0   03.6     24.1    15:01     WSW
03    25.3    30.6   15:48    19.6   06:22     00.0     07.0    00.0   03.1     24.1    15:50     WSW
04    25.6    30.9   12:12    19.2   06:09     00.0     07.3    00.0   03.0     22.2    15:34      SW
05    26.1    31.7   13:34    20.7   06:26     00.0     07.8    00.0   03.1     27.8    14:38     SSW
06    26.9    30.9   11:50    24.3   07:01     00.0     08.6    00.0   05.4     38.9    12:47      S 
07    25.9    30.4   17:11    21.2   23:45     00.0     07.6    00.0   03.8     29.6    13:46      SW
08    23.7    29.8   15:39    15.8   06:31     00.0     05.4    00.0   03.5     25.9    13:39     WSW
09    24.4    29.4   14:07    19.4   05:38     00.0     06.1    00.0   04.7     31.4    16:30      W 
10    26.8    33.1   13:41    20.1   06:55     00.0     08.5    00.0   05.7     38.9    22:49      N 
11    26.8    31.0   11:40    21.2   07:22     00.0     08.5    00.0   06.4     27.8    16:30      NW
12    25.1    30.8   12:29    18.7   06:38     00.0     06.8    00.0   03.9     27.8    13:13     WSW
13    25.8    31.8   13:08    19.5   06:26     00.0     07.5    00.2   03.9     31.4    15:00      W 
14    25.2    29.1   13:27    20.5   06:56     00.0     06.9    00.0   04.1     27.8    13:51      W 
15    24.8    29.2   13:45    19.8   06:46     00.0     06.5    00.0   04.4     29.6    15:40     WSW
16    24.6    29.1   12:44    19.3   06:51     00.0     06.3    00.0   04.6     29.6    16:48     WSW
17    26.1    30.6   16:37    20.6   06:59     00.0     07.8    00.0   04.7     25.9    16:36     WNW
18    27.9    34.2   13:53    21.5   07:08     00.0     09.6    00.0   04.5     29.6    15:16     WNW
19    28.5    35.7   14:58    20.9   06:29     00.0     10.2    00.0   03.6     24.1    17:12     WNW
20    28.2    34.8   14:22    22.3   07:02     00.0     09.9    00.0   04.0     25.9    17:13      W 
21    27.4    31.7   11:35    24.1   07:20     00.0     09.1    00.0   04.0     27.8    16:16      W 
22    26.9    31.6   13:38    22.4   05:55     00.0     08.6    00.0   03.7     25.9    15:19      W 
23    26.9    33.0   16:27    21.7   06:49     00.0     08.6    00.0   02.5     24.1    16:44      W 
24    26.4    31.5   13:44    20.7   06:55     00.0     08.1    00.0   03.4     25.9    15:24     WSW
25    26.7    30.9   14:17    22.0   05:04     00.0     08.4    00.0   04.5     29.6    16:40     SSW
26    23.5    26.8   17:21    18.4   09:55     00.0     05.2    46.2   06.1     51.8    09:36      E 
27    24.6    30.6   14:26    18.7   06:05     00.0     06.3    00.0   04.0     25.9    10:15     NNW
28    24.0    30.0   16:04    18.0   05:14     00.0     05.7    00.0   03.3     22.2    17:35      W 
29    23.6    28.3   13:56    17.7   07:08     00.0     05.3    00.0   03.5     24.1    16:09      W 
30    24.5    29.1   13:00    19.7   07:09     00.0     06.2    00.0   02.3     22.2    15:24      W 
31    22.6    25.3   11:49    19.2   23:54     00.0     04.3    33.6   07.7     53.6    16:52     SSW
----------------------------------------------------------------------------------------------------------------------------------------------------------
25.7 (25.5)   35.7  day 19     15.8  day 08   000.0    229.1   080.0   04.2     53.7   day 26     WSW
Max >=  30: 22
Min <=   30: 31
Max Rain: 46.2 ON 26-08-12
Days of Rain: 57 (> .2mm) 56 (> 2mm) 56 (> 20mm)