MONTHLY CLIMATOLOGICAL SUMMARY for AUG. 2013

NAME: DAVIS VP2   CITY: Arena Metato (San Giuliano Terme) (PI) STATE: Italia
ELEV: 15 LAT: 043:46:46 LONG: -010:22:1

                            TEMPERATURE ( C), RAIN (mm), WIND SPEED (kmh)

                                               HEAT     COOL           AVG
      MEAN                                     DEG      DEG            WIND                       DOM
DAY   TEMP    HIGH   TIME     LOW    TIME      DAYS     DAYS    RAIN   SPEED    HIGH    TIME      DIR
----------------------------------------------------------------------------------------------------------------------------------------------------------
01    26.6    32.3   12:38    18.8   06:06     00.0     08.3    00.0   06.6     31.4    16:54     NNW
02    26.7    32.4   12:15    18.8   06:34     00.0     08.4    00.0   05.1     29.6    16:03      NW
03    26.3    32.5   12:27    20.2   05:31     00.0     08.0    00.0   05.0     25.9    18:09      NW
04    25.9    31.3   15:07    19.8   06:49     00.0     07.6    00.0   03.3     20.4    16:56     WNW
05    25.7    30.0   14:33    21.1   04:58     00.0     07.4    00.0   03.1     25.9    16:52      NW
06    25.8    32.1   13:11    20.6   06:42     00.0     07.5    00.0   02.3     24.1    15:13      NW
07    26.7    34.6   13:09    18.7   06:39     00.0     08.4    00.0   02.8     27.8    13:48     SSW
18    24.0    30.7   11:32    20.6   06:53     00.0     05.7    00.0   00.7     11.1    09:46     ESE
19    24.0    27.9   12:56    18.9   06:38     00.0     05.7    00.0   03.9     29.6    14:28      NW
20    24.3    28.6   17:36    19.7   07:57     00.0     06.0    07.4   06.9     33.3    14:57     NNE
21    24.5    29.2   14:50    18.2   06:41     00.0     06.2    00.0   05.5     31.4    15:04     NNE
22    23.3    28.7   14:25    16.7   06:56     00.0     05.0    00.0   04.4     27.8    16:42      NW
23    23.6    28.3   15:12    18.1   06:06     00.0     05.3    00.0   03.2     25.9    16:17     WSW
24    23.7    27.9   16:27    18.6   06:05     00.0     05.4    00.0   02.7     24.1    14:39      W 
25    22.0    26.2   13:12    16.8   04:57     00.0     03.7    17.8   06.4     37.0    13:26      W 
26    22.9    25.7   16:15    20.0   07:34     00.0     04.6    00.0   06.1     38.9    09:25      W 
27    21.7    25.6   15:23    16.9   06:40     00.0     03.4    00.0   02.7     24.1    14:44     WNW
28    21.8    25.7   13:55    18.1   07:58     00.0     03.5    00.0   03.2     27.8    15:56     WSW
29    22.7    28.8   14:29    16.8   06:54     00.0     04.4    00.0   03.2     29.6    16:21     NNW
30    23.8    29.7   14:39    17.8   06:56     00.0     05.5    00.0   04.4     29.6    16:08      N 
31    23.4    28.3   14:22    17.8   05:02     00.0     05.1    00.0   04.4     24.1    16:36      NW
----------------------------------------------------------------------------------------------------------------------------------------------------------
24.9 (24.0)   35.7  day 28     16.7  day 22   000.0    204.3   025.2   04.1     38.9   day 25     NNW
Max >=  30: 14
Min <=   30: 31
Max Rain: 17.8 ON 25-08-13
Days of Rain: 4 (> .2mm) 3 (> 2mm) 0 (> 20mm)