MONTHLY CLIMATOLOGICAL SUMMARY for AUG. 2015

NAME:    CITY:  STATE: 
ELEV:  LAT:  LONG: 

                            TEMPERATURE ( C), RAIN (mm), WIND SPEED (kmh)

                                               HEAT     COOL           AVG
      MEAN                                     DEG      DEG            WIND                       DOM
DAY   TEMP    HIGH   TIME     LOW    TIME      DAYS     DAYS    RAIN   SPEED    HIGH    TIME      DIR
----------------------------------------------------------------------------------------------------------------------------------------------------------
01    25.0    30.8   13:24    21.3   23:56     00.0     06.7    02.0   04.2     31.4    18:45      N 
02    24.0    28.6   16:53    19.9   07:01     00.0     05.7    00.0   04.8     22.2    13:51     WNW
03    24.9    30.1   16:45    19.2   06:09     00.0     06.6    00.0   05.9     24.1    17:49     WNW
04    25.4    29.8   13:11    20.8   06:20     00.0     07.1    00.0   05.1     27.8    14:02     WSW
05    26.4    30.7   16:47    21.7   06:42     00.0     08.1    00.0   05.3     27.8    14:56      NW
06    28.0    33.2   16:00    22.4   06:13     00.0     09.7    00.0   06.3     29.6    17:24      NW
07    28.9    34.3   17:04    21.4   06:45     00.0     10.6    00.0   06.3     29.6    17:16      NW
08    29.2    35.0   15:19    22.7   06:47     00.0     10.9    00.0   05.0     25.9    15:48     WNW
09    27.6    33.6   12:28    23.1   06:07     00.0     09.3    00.0   05.1     27.8    13:24      W 
10    22.8    25.1   00:01    19.7   12:59     00.0     04.5    15.2   04.7     42.5    12:04      NE
11    24.5    29.0   12:42    19.3   05:43     00.0     06.2    00.0   05.7     22.2    16:46      NW
12    26.2    32.9   14:01    19.7   06:52     00.0     07.9    00.0   05.0     25.9    16:15      NW
13    26.9    34.1   14:56    20.3   06:05     00.0     08.6    00.0   04.5     20.4    16:31      W 
14    25.3    29.9   12:12    22.1   06:09     00.0     07.0    00.0   04.4     20.4    17:46      W 
15    23.9    27.6   12:35    21.0   07:18     00.0     05.6    00.0   05.9     29.6    13:49      W 
16    21.6    25.8   15:00    17.5   06:57     00.0     03.3    15.2   06.2     38.9    03:46      W 
17    21.7    26.2   14:50    17.0   06:15     00.0     03.4    00.0   06.5     31.4    16:10     WSW
18    22.6    26.9   13:42    17.5   07:00     00.0     04.3    00.4   04.3     27.8    13:44     WNW
19    22.3    26.5   17:16    18.4   08:22     00.0     04.0    03.2   04.2     22.2    16:12      W 
20    22.1    27.6   13:19    16.3   06:56     00.0     03.8    00.0   04.9     24.1    17:49     WNW
21    23.4    28.7   15:20    17.9   06:21     00.0     05.1    00.0   05.0     27.8    22:14     NNW
22    22.8    27.6   13:47    16.9   06:57     00.0     04.5    00.0   05.2     24.1    16:35     WNW
23    23.1    28.7   16:23    17.6   06:50     00.0     04.8    00.0   03.0     20.4    17:16      SE
24    22.8    25.8   15:33    18.8   06:18     00.0     04.5    66.4   06.2     33.3    05:18     ENE
25    23.0    26.4   15:59    18.7   00:00     00.0     04.7    03.6   05.3     25.9    16:02     WSW
26    21.8    27.6   15:47    15.9   05:22     00.0     03.5    00.0   04.1     20.4    16:38     WNW
27    23.6    30.1   12:22    17.4   06:27     00.0     05.3    00.0   04.2     22.2    16:19      W 
28    24.2    29.9   15:39    18.4   06:49     00.0     05.9    00.0   04.0     20.4    18:04      W 
29    24.8    32.8   13:39    17.7   07:01     00.0     06.5    00.0   02.8     18.5    16:57      SW
30    24.5    30.3   12:59    19.2   06:23     00.0     06.2    00.0   03.0     18.5    14:29      SW
31    24.1    32.2   14:26    17.2   06:54     00.0     05.8    00.0   03.1     18.5    16:05      W 
----------------------------------------------------------------------------------------------------------------------------------------------------------
24.4 (24.4)   35.0  day 08     15.9  day 26   000.0    190.4   106.0   04.8     42.6   day 16     WNW
Max >=  30: 13
Min <=   30: 31
Max Rain: 66.4 ON 24-08-15
Days of Rain: 7 (> .2mm) 5 (> 2mm) 1 (> 20mm)