MONTHLY CLIMATOLOGICAL SUMMARY for AUG. 2018

NAME:    CITY:  STATE: 
ELEV:  LAT:  LONG: 

                            TEMPERATURE ( C), RAIN (mm), WIND SPEED (kmh)

                                               HEAT     COOL           AVG
      MEAN                                     DEG      DEG            WIND                       DOM
DAY   TEMP    HIGH   TIME     LOW    TIME      DAYS     DAYS    RAIN   SPEED    HIGH    TIME      DIR
----------------------------------------------------------------------------------------------------------------------------------------------------------
01    29.0    34.3   15:30    23.2   06:00     00.0     10.7    00.0   04.6     20.4    18:54      NW
02    28.3    33.7   11:53    23.3   06:50     00.0     10.0    00.0   02.1     31.4    14:13     ENE
03    28.9    34.5   16:46    22.3   06:24     00.0     10.6    00.0   01.9     29.6    13:35      NE
04    29.1    33.6   14:25    23.8   06:18     00.0     10.8    00.0   01.9     25.9    15:57      NW
05    28.9    34.8   12:44    22.6   05:57     00.0     10.6    00.0   03.7     25.9    17:33     WNW
06    28.4    34.0   12:00    22.6   06:44     00.0     10.1    00.0   03.0     20.4    16:20      W 
07    28.1    32.2   16:44    24.4   05:43     00.0     09.8    00.0   02.0     20.4    16:57      SW
08    27.0    31.9   12:25    21.4   06:42     00.0     08.7    00.0   02.3     22.2    15:15      W 
09    27.1    31.6   14:32    22.0   07:00     00.0     08.8    00.0   02.7     22.2    19:39     WNW
10    26.8    30.2   13:49    22.6   06:02     00.0     08.5    01.6   03.9     24.1    15:51     WSW
11    26.2    30.4   16:55    21.8   06:20     00.0     07.9    00.0   04.1     25.9    14:41     SSW
12    25.3    30.3   15:48    19.8   06:36     00.0     07.0    00.0   02.4     18.5    17:29     WSW
13    25.0    30.1   13:18    20.2   05:24     00.0     06.7    00.0   01.8     31.4    13:22      SW
14    24.1    28.4   16:28    20.4   05:10     00.0     05.8    02.0   03.0     22.2    04:34      SE
15    25.2    30.5   16:35    20.1   07:27     00.0     06.9    00.0   03.3     35.1    16:38      E 
16    25.8    32.3   12:34    18.3   06:51     00.0     07.5    00.0   05.2     24.1    16:28     WNW
17    25.2    30.7   12:34    19.3   06:13     00.0     06.9    00.0   04.1     22.2    13:43     WSW
18    26.1    32.3   13:00    20.0   06:41     00.0     07.8    00.0   04.3     31.4    16:06     WNW
19    27.2    32.4   13:52    20.5   07:04     00.0     08.9    00.0   04.7     24.1    16:29     WNW
20    27.0    33.5   14:14    19.8   05:56     00.0     08.7    00.0   03.9     25.9    14:56     WNW
21    27.3    33.6   13:59    19.4   06:58     00.0     09.0    00.0   04.7     25.9    17:18     WNW
22    26.0    33.1   13:00    20.2   06:30     00.0     07.7    00.0   04.7     29.6    16:07     NNW
23    25.5    32.1   12:28    19.2   06:36     00.0     07.2    00.0   04.2     20.4    16:21      W 
24    25.4    30.1   12:12    20.4   07:15     00.0     07.1    00.0   04.3     25.9    13:41     WSW
25    25.2    28.5   14:47    21.4   07:20     00.0     06.9    00.0   07.2     37.0    21:54      SW
26    23.4    26.7   16:33    20.1   00:00     00.0     05.1    00.4   08.1     31.4    01:01     SSE
27    22.2    26.4   13:00    16.8   06:56     00.0     03.9    00.0   07.3     31.4    01:43     NNW
28    23.0    29.0   14:32    15.6   07:12     00.0     04.7    00.0   05.4     24.1    15:24     WNW
29    24.1    30.7   15:18    17.4   05:58     00.0     05.8    00.0   04.5     20.4    12:53     WSW
30    24.2    29.4   13:36    19.1   05:09     00.0     05.9    00.0   04.0     24.1    14:54     WSW
31    23.1    26.9   14:58    19.2   06:39     00.0     04.8    00.0   05.2     29.6    16:40      W 
----------------------------------------------------------------------------------------------------------------------------------------------------------
26.1 (25.9)   34.8  day 05     15.6  day 28   000.0    240.8   004.0   04.0     37.0   day 25      W 
Max >=  30: 24
Min <=   30: 31
Max Rain: 2.0 ON 14-08-18
Days of Rain: 3 (> .2mm) 0 (> 2mm) 0 (> 20mm)