MONTHLY CLIMATOLOGICAL SUMMARY for AUG. 2019

NAME:    CITY:  STATE: 
ELEV:  LAT:  LONG: 

                            TEMPERATURE ( C), RAIN (mm), WIND SPEED (kmh)

                                               HEAT     COOL           AVG
      MEAN                                     DEG      DEG            WIND                       DOM
DAY   TEMP    HIGH   TIME     LOW    TIME      DAYS     DAYS    RAIN   SPEED    HIGH    TIME      DIR
----------------------------------------------------------------------------------------------------------------------------------------------------------
01    25.0    31.8   16:28    18.7   06:17     00.0     06.7    00.0   02.8     18.5    17:14      SW
02    25.3    30.0   12:42    20.5   05:49     00.0     07.0    00.0   05.1     27.8    17:35      SW
03    25.2    30.4   14:51    19.5   06:49     00.0     06.9    00.0   03.8     20.4    16:40     WNW
04    24.8    30.8   12:56    18.6   06:35     00.0     06.5    00.0   04.2     20.4    15:53     WNW
05    24.7    29.1   16:26    19.3   06:04     00.0     06.4    00.0   03.7     20.4    17:28     WSW
06    25.6    29.9   12:21    20.2   06:31     00.0     07.3    00.0   03.3     20.4    12:48      SW
07    26.2    31.5   14:01    20.6   06:43     00.0     07.9    00.0   04.5     29.6    17:14      S 
08    26.6    29.9   13:31    24.0   04:40     00.0     08.3    00.0   05.1     25.9    14:55     WNW
09    26.3    30.8   12:46    21.6   07:00     00.0     08.0    00.0   03.9     25.9    16:56     WNW
10    26.6    32.0   12:21    21.4   06:19     00.0     08.3    00.0   03.3     18.5    14:41     WNW
11    27.0    34.2   15:49    19.8   06:48     00.0     08.7    00.0   03.1     18.5    16:39     WNW
12    26.7    33.5   14:47    21.3   06:20     00.0     08.4    00.0   04.2     25.9    15:44     NNE
13    25.4    29.9   11:24    21.6   06:09     00.0     07.1    00.0   05.1     24.1    17:12     WSW
14    24.1    28.6   16:44    18.4   06:16     00.0     05.8    00.0   03.9     22.2    14:31     WNW
15    24.2    28.7   12:17    19.0   06:10     00.0     05.9    00.0   04.5     24.1    17:31      W 
16    24.4    29.6   13:00    19.7   04:01     00.0     06.1    00.0   04.4     25.9    15:32      NW
17    23.9    28.3   15:34    19.0   06:56     00.0     05.6    00.0   04.5     24.1    16:14     WNW
18    24.4    29.3   16:09    19.3   07:04     00.0     06.1    00.0   02.6     18.5    16:13      W 
19    24.7    30.3   12:35    18.4   06:59     00.0     06.4    00.0   02.9     20.4    15:16     WSW
20    25.3    32.3   13:27    18.3   06:51     00.0     07.0    00.0   02.7     20.4    13:32     WSW
21    25.2    31.3   14:52    18.6   06:39     00.0     06.9    00.0   04.0     20.4    17:13     WNW
22    26.4    32.1   11:49    21.2   05:50     00.0     08.1    00.0   03.6     22.2    11:54     NNW
23    25.2    27.7   12:37    23.2   04:14     00.0     06.9    01.4   05.8     27.8    07:08     NNE
24    25.7    31.7   15:25    20.9   06:27     00.0     07.4    02.2   06.0     27.8    13:20     NNE
25    26.2    31.3   12:31    20.5   06:51     00.0     07.9    00.0   05.0     22.2    16:02     NNW
26    25.8    32.0   12:57    19.6   07:12     00.0     07.5    00.0   04.8     27.8    16:34     WNW
27    26.4    32.3   13:33    20.2   06:46     00.0     08.1    00.0   04.0     24.1    15:14      W 
28    26.4    31.2   16:22    22.4   07:31     00.0     08.1    00.0   03.5     18.5    15:12     WSW
29    25.7    32.1   13:06    20.4   06:47     00.0     07.4    00.0   03.8     20.4    15:53      W 
30    26.5    32.2   17:33    20.9   06:31     00.0     08.2    00.0   04.2     24.1    16:22      NW
31    26.4    33.0   13:01    20.4   06:39     00.0     08.1    00.0   04.2     31.4    17:45      W 
----------------------------------------------------------------------------------------------------------------------------------------------------------
25.6 (25.6)   34.2  day 11     18.3  day 20   000.0    224.9   003.6   04.1     31.5   day 07     WNW
Max >=  30: 21
Min <=   30: 31
Max Rain: 2.2 ON 24-08-19
Days of Rain: 2 (> .2mm) 1 (> 2mm) 0 (> 20mm)