MONTHLY CLIMATOLOGICAL SUMMARY for AUG. 2020

NAME:    CITY:  STATE: 
ELEV:  LAT:  LONG: 

                            TEMPERATURE ( C), RAIN (mm), WIND SPEED (kmh)

                                               HEAT     COOL           AVG
      MEAN                                     DEG      DEG            WIND                       DOM
DAY   TEMP    HIGH   TIME     LOW    TIME      DAYS     DAYS    RAIN   SPEED    HIGH    TIME      DIR
----------------------------------------------------------------------------------------------------------------------------------------------------------
01    27.4    32.6   12:17    22.9   06:54     00.0     09.1    00.0   00.0     00.0    00:00      NE
02    27.3    31.3   15:21    22.7   06:45     00.0     09.0    00.0   02.5     22.2    17:20      SE
03    25.8    28.6   12:32    24.1   03:30     00.0     07.5    00.0   08.0     40.7    17:55     SSW
04    23.4    27.2   17:32    18.5   07:05     00.0     05.1    00.6   07.3     35.1    03:31      W 
05    23.9    29.1   16:45    18.4   06:50     00.0     05.6    00.0   06.5     37.0    11:09      E 
06    24.6    29.4   14:57    18.3   06:40     00.0     06.3    00.0   05.1     25.9    15:46     SSE
07    26.4    31.8   14:56    19.6   06:12     00.0     08.1    00.0   05.2     25.9    16:39      N 
08    27.4    33.9   12:22    20.1   06:35     00.0     09.1    00.0   04.9     27.8    15:48      E 
09    28.4    34.5   14:16    21.3   06:06     00.0     10.1    00.0   05.7     27.8    18:12      SE
10    27.3    33.5   13:46    20.5   06:39     00.0     09.0    00.0   04.2     22.2    14:29      E 
11    26.6    31.3   14:01    22.2   05:12     00.0     08.3    00.0   04.0     20.4    17:34     ESE
12    26.4    31.7   12:38    21.2   06:53     00.0     08.1    00.0   03.2     22.2    17:26      E 
13    26.0    33.2   13:59    19.8   06:52     00.0     07.7    00.0   02.8     18.5    16:37      SE
14    26.0    31.5   12:29    20.1   06:53     00.0     07.7    00.0   03.1     24.1    14:56     SSE
15    25.9    29.9   14:25    22.0   06:36     00.0     07.6    00.0   03.9     24.1    13:58      E 
16    26.7    31.9   14:56    21.8   06:38     00.0     08.4    00.0   02.7     18.5    15:40      NE
17    24.7    28.9   11:53    21.1   06:57     00.0     06.4    00.0   03.4     35.1    13:35      SE
18    23.0    27.3   16:59    18.7   10:22     00.0     04.7    04.2   04.0     42.5    10:23      E 
19    24.5    28.5   16:11    20.1   05:29     00.0     06.2    00.2   04.6     25.9    16:51      SE
20    24.8    29.9   15:48    19.2   06:48     00.0     06.5    00.0   02.9     20.4    13:23      SE
21    25.8    33.4   13:15    18.9   05:40     00.0     07.5    00.0   03.0     22.2    14:21     SSE
22    25.4    31.4   11:59    19.2   06:37     00.0     07.1    00.0   03.9     29.6    12:20     SSE
23    25.7    30.4   17:07    20.8   06:25     00.0     07.4    00.0   04.3     22.2    19:18     SSE
24    25.5    31.8   12:28    19.5   07:05     00.0     07.2    00.0   04.9     27.8    17:57     SSE
25    25.4    30.4   12:30    20.3   06:44     00.0     07.1    00.0   04.4     25.9    15:11     ENE
26    25.2    29.2   16:09    21.0   06:47     00.0     06.9    00.0   04.7     29.6    13:49     ESE
27    25.7    29.9   16:10    22.6   01:47     00.0     07.4    00.0   05.0     29.6    15:09      E 
28    25.2    29.6   17:21    21.9   06:12     00.0     06.9    00.0   04.2     24.1    14:30      SW
29    26.8    31.5   14:43    22.6   23:43     00.0     08.5    07.8   09.6     55.5    17:08     SSE
30    22.9    26.0   15:03    19.9   10:44     00.0     04.6    10.0   07.3     38.9    13:11      W 
31    18.6    21.1   00:23    14.9   23:44     00.0     00.3    09.4   03.7     24.1    16:05      NE
----------------------------------------------------------------------------------------------------------------------------------------------------------
25.4 (25.4)   34.5  day 09     14.9  day 31   000.0    221.2   032.2   04.5     55.5   day 18      SE
Max >=  30: 17
Min <=   30: 31
Max Rain: 10.0 ON 30-08-20
Days of Rain: 6 (> .2mm) 4 (> 2mm) 0 (> 20mm)