MONTHLY CLIMATOLOGICAL SUMMARY for AUG. 2021

NAME: DAVIS VP2   CITY: Arena Metato (San Giuliano Terme) (PI) STATE: Italia
ELEV: 15 LAT: 043:46:46 LONG: -010:22:1

                            TEMPERATURE ( C), RAIN (mm), WIND SPEED (kmh)

                                               HEAT     COOL           AVG
      MEAN                                     DEG      DEG            WIND                       DOM
DAY   TEMP    HIGH   TIME     LOW    TIME      DAYS     DAYS    RAIN   SPEED    HIGH    TIME      DIR
----------------------------------------------------------------------------------------------------------------------------------------------------------
01    25.2    27.7   11:39    23.1   22:17     00.0     06.9    00.0   12.3     53.6    16:21      SW
02    23.6    25.7   15:44    18.9   23:48     00.0     05.3    00.0   09.8     44.4    11:16      SW
03    22.1    27.2   14:54    16.5   05:41     00.0     03.8    00.0   04.7     29.6    13:29      SW
04    23.5    30.0   14:13    18.6   05:49     00.0     05.2    00.2   04.6     27.8    15:43     SSW
05    22.7    24.6   14:41    21.3   00:01     00.0     04.4    00.0   09.1     35.1    15:36      SW
06    23.5    27.2   15:17    20.5   00:00     00.0     05.2    00.0   06.3     31.4    12:37     SSW
07    24.8    31.3   14:18    17.5   06:01     00.0     06.5    00.0   06.4     35.1    18:00     SSE
08    25.2    29.2   15:17    20.4   23:19     00.0     06.9    00.0   05.3     25.9    13:47      SW
09    24.4    30.5   11:21    17.5   05:29     00.0     06.1    00.0   04.2     22.2    15:35      SW
10    26.1    32.2   11:48    20.9   07:06     00.0     07.8    00.0   04.5     18.5    17:32     WSW
11    26.8    32.7   15:25    21.3   06:22     00.0     08.5    00.0   05.6     27.8    16:07      W 
12    28.2    37.2   13:18    20.6   06:30     00.0     09.9    00.0   04.1     20.4    16:41      SW
13    28.1    34.9   12:26    21.4   05:00     00.0     09.8    00.0   04.8     20.4    15:48      W 
14    28.6    36.8   16:17    22.7   05:03     00.0     10.3    00.0   04.7     24.1    18:06     WSW
15    27.2    33.5   15:08    21.4   06:29     00.0     08.9    00.0   04.1     18.5    17:33     WSW
16    26.5    32.0   12:30    21.7   06:16     00.0     08.2    00.0   05.4     31.4    18:41     WSW
17    25.7    30.5   12:59    21.4   06:35     00.0     07.4    00.0   05.9     25.9    17:40      W 
18    25.5    32.2   13:23    19.4   06:42     00.0     07.2    00.0   05.0     27.8    12:49     WNW
19    25.2    31.0   12:38    19.5   06:24     00.0     06.9    00.0   05.5     24.1    15:56      W 
20    24.4    29.2   15:11    20.1   05:46     00.0     06.1    00.0   05.4     24.1    15:52      W 
21    24.5    29.1   15:08    19.5   06:44     00.0     06.2    00.0   05.1     24.1    18:01      W 
22    23.8    28.3   15:27    19.4   06:59     00.0     05.5    00.0   04.5     25.9    16:16      SW
23    25.2    30.0   13:52    20.9   05:32     00.0     06.9    00.0   04.8     25.9    14:02      SW
24    25.7    31.8   15:35    19.4   06:51     00.0     07.4    00.0   06.6     29.6    14:02     ENE
25    25.3    30.0   13:23    21.0   06:31     00.0     07.0    00.0   07.4     27.8    15:53      N 
26    23.2    28.6   12:00    17.4   07:01     00.0     04.9    00.0   05.3     27.8    16:12     WSW
27    25.3    29.1   12:10    22.3   23:45     00.0     07.0    00.0   06.3     25.9    13:51     WSW
28    21.6    26.3   16:30    16.7   07:48     00.0     03.3    06.8   06.1     25.9    13:29      E 
29    20.4    25.9   14:55    13.7   07:05     00.0     02.1    00.0   05.5     27.8    13:31      W 
30    20.8    26.3   15:30    14.8   06:44     00.0     02.5    00.0   04.5     22.2    13:56     WSW
31    21.5    27.0   15:47    15.7   07:11     00.0     03.2    00.0   05.0     25.9    15:13      W 
----------------------------------------------------------------------------------------------------------------------------------------------------------
24.7 (24.7)   37.2  day 12     13.7  day 29   000.0    197.2   007.0   05.8     53.7   day 01     WSW
Max >=  30: 15
Min <=   30: 31
Max Rain: 6.8 ON 28-08-21
Days of Rain: 2 (> .2mm) 1 (> 2mm) 0 (> 20mm)