MONTHLY CLIMATOLOGICAL SUMMARY for SEP. 2011

NAME: DAVIS VP2   CITY: Arena Metato (San Giuliano Terme) (PI) STATE: Italia
ELEV: 15 LAT: 043:46:46 LONG: -010:22:1

                            TEMPERATURE ( C), RAIN (mm), WIND SPEED (kmh)

                                               HEAT     COOL           AVG
      MEAN                                     DEG      DEG            WIND                       DOM
DAY   TEMP    HIGH   TIME     LOW    TIME      DAYS     DAYS    RAIN   SPEED    HIGH    TIME      DIR
----------------------------------------------------------------------------------------------------------------------------------------------------------
01    24.2    28.8   15:12    18.5   05:30     00.0     05.9    00.0   03.2     29.6    16:33     WSW
02    24.9    30.3   14:34    19.6   06:58     00.0     06.6    00.0   02.2     27.8    14:48     WSW
03    25.4    31.6   13:36    21.4   06:12     00.0     07.1    00.0   01.8     24.1    15:08      W 
04    23.3    27.9   14:52    19.0   22:43     00.0     05.0    12.0   02.4     72.2    18:20     WSW
05    22.6    26.8   14:22    19.4   00:01     00.0     04.3    20.8   04.3     40.7    13:58     SSW
06    22.9    27.1   13:32    18.3   06:48     00.0     04.6    00.0   02.9     24.1    16:13      W 
07    22.2    25.4   16:14    19.4   07:59     00.0     03.9    00.0   03.0     31.4    15:59     WNW
08    21.9    26.4   14:37    17.8   06:45     00.0     03.6    00.0   01.8     24.1    13:06     WSW
09    22.9    28.4   16:25    17.6   06:58     00.0     04.6    00.2   02.1     20.4    15:39      NW
10    23.4    28.3   13:14    18.3   07:22     00.0     05.1    00.0   01.7     20.4    14:50      W 
11    23.2    28.4   12:54    18.8   07:02     00.0     04.9    00.0   01.4     24.1    12:17      W 
12    23.4    27.5   15:46    19.8   07:33     00.0     05.1    00.0   02.9     24.1    18:42      NW
13    23.3    30.2   12:51    18.0   07:23     00.0     05.0    00.0   02.0     24.1    14:36     WNW
14    23.5    29.4   12:58    17.9   07:02     00.0     05.2    00.0   02.3     24.1    12:58     WNW
15    22.9    27.8   16:10    17.3   06:38     00.0     04.6    00.0   02.2     20.4    16:54     WNW
16    22.5    28.0   15:06    16.8   06:52     00.0     04.2    00.2   02.1     22.2    15:28     WNW
17    21.8    27.2   13:06    15.7   07:21     00.0     03.5    00.2   02.3     24.1    15:33     WNW
18    20.5    25.0   11:46    18.7   07:37     00.0     02.2    11.6   02.8     55.5    14:31      SW
19    18.9    22.7   14:22    13.8   23:14     00.0     00.6    00.8   10.8     51.8    16:12      W 
20    18.6    24.0   15:38    12.7   01:50     00.0     00.3    00.0   02.6     27.8    15:57     WNW
21    19.2    25.5   16:13    12.5   07:28     00.0     00.9    00.0   02.8     25.9    16:05     WNW
22    19.7    24.5   12:39    15.4   04:59     00.0     01.4    00.0   02.5     22.2    15:38      W 
23    20.7    26.2   12:30    14.8   07:24     00.0     02.4    00.0   03.0     24.1    15:33      NW
24    21.3    27.6   14:12    16.2   07:33     00.0     03.0    00.0   01.5     22.2    16:36      NW
25    21.2    27.0   16:46    16.9   07:07     00.0     02.9    00.0   03.6     40.7    18:53     NNW
26    21.6    27.6   14:25    15.7   07:03     00.0     03.3    00.0   02.3     25.9    14:35      N 
27    22.0    29.0   12:25    15.5   06:16     00.0     03.7    00.0   02.4     24.1    15:59     NNW
28    23.3    29.2   14:31    16.2   07:02     00.0     05.0    00.0   04.9     29.6    15:33     ENE
29    22.3    28.8   15:17    14.7   07:27     00.0     04.0    00.0   02.7     25.9    15:46     NNE
30    21.4    28.8   14:00    13.6   07:31     00.0     03.1    00.0   02.9     25.9    16:07      N 
----------------------------------------------------------------------------------------------------------------------------------------------------------
22.2 (22.3)   31.6  day 03     12.5  day 21   000.0    116.0   045.8   02.8     72.2   day 04     WNW
Max >=  30: 3
Min <=   30: 30
Max Rain: 20.8 ON 5-09-11
Days of Rain: 7 (> .2mm) 3 (> 2mm) 1 (> 20mm)