MONTHLY CLIMATOLOGICAL SUMMARY for SEP. 2012

NAME: DAVIS VP2   CITY: Arena Metato (San Giuliano Terme) (PI) STATE: Italia
ELEV: 15 LAT: 043:46:46 LONG: -010:22:1

                            TEMPERATURE ( C), RAIN (mm), WIND SPEED (kmh)

                                               HEAT     COOL           AVG
      MEAN                                     DEG      DEG            WIND                       DOM
DAY   TEMP    HIGH   TIME     LOW    TIME      DAYS     DAYS    RAIN   SPEED    HIGH    TIME      DIR
----------------------------------------------------------------------------------------------------------------------------------------------------------
01    20.0    23.5   13:56    17.2   05:42     00.0     01.7    00.8   02.8     18.5    22:32      E 
02    20.4    22.8   17:12    16.9   08:00     00.0     02.1    00.0   02.9     25.9    02:55      NE
03    20.7    26.9   17:06    17.1   00:00     00.0     02.4    17.4   06.6     42.5    05:32      NE
04    20.8    26.9   13:13    14.9   07:21     00.0     02.5    00.4   03.2     35.1    14:33     ENE
05    22.5    27.9   17:48    18.7   07:33     00.0     04.2    00.0   01.9     22.2    16:16     WNW
06    22.4    27.9   13:09    17.1   05:52     00.0     04.1    00.0   02.7     22.2    17:34      W 
07    23.7    29.7   13:14    17.1   07:16     00.0     05.4    00.0   03.4     20.4    18:22      NW
08    23.1    29.9   12:56    17.2   07:13     00.0     04.8    00.0   03.4     27.8    16:28     WNW
09    22.3    27.9   16:42    15.8   06:30     00.0     04.0    00.0   03.6     22.2    17:22     WNW
10    22.1    26.2   14:44    18.2   07:39     00.0     03.8    00.0   03.6     24.1    15:42     WSW
11    21.8    26.0   13:38    17.6   06:29     00.0     03.5    00.2   02.4     22.2    16:18      W 
12    22.0    25.5   13:09    17.5   07:19     00.0     03.7    00.2   11.0     64.8    19:52      SW
13    20.2    22.7   13:23    17.1   23:25     00.0     01.9    01.6   09.2     59.2    00:29      NE
14    19.6    25.8   17:03    12.7   07:31     00.0     01.3    00.0   03.1     25.9    13:29     WSW
15    20.7    27.4   13:06    13.6   07:12     00.0     02.4    00.0   03.7     22.2    17:05      NW
16    20.9    27.1   14:26    15.7   06:51     00.0     02.6    00.0   04.3     25.9    16:53     NNW
17    19.8    25.0   12:58    13.8   07:19     00.0     01.5    00.0   02.7     27.8    15:29      W 
18    20.6    25.2   13:48    15.8   06:14     00.0     02.3    00.0   02.6     24.1    16:02     WSW
19    19.4    21.0   17:46    18.2   07:30     00.0     01.1    04.6   01.8     18.5    13:36     ENE
20    20.1    24.5   16:00    15.4   06:09     00.0     01.8    00.2   05.9     38.9    10:19     ENE
21    18.8    25.3   15:49    12.5   05:47     00.0     00.5    00.0   02.5     18.5    16:09      NW
22    19.6    25.0   15:18    13.2   04:15     00.0     01.3    00.0   02.4     24.1    18:21      NE
23    23.0    26.8   14:36    19.8   01:09     00.0     04.7    00.0   03.6     25.9    15:38      NE
24    23.1    26.3   16:43    21.2   22:11     00.0     04.8    00.0   07.2     42.5    18:34     SSW
25    22.9    26.6   17:14    21.5   03:58     00.0     04.6    00.0   09.2     37.0    02:48     WSW
26    23.6    27.9   14:47    21.1   07:15     00.0     05.3    00.4   08.4     44.4    16:27     SSE
27    20.1    23.9   00:02    15.2   22:25     00.0     01.8    15.6   05.1     46.3    00:48     WSW
28    21.1    28.1   16:56    15.7   03:48     00.0     02.8    00.0   01.1     18.5    06:15     ESE
29    24.4    27.5   13:09    21.0   09:15     00.0     06.1    00.2   05.4     44.4    15:08     ENE
30    21.3    26.4   13:49    17.7   23:43     00.0     03.0    08.8   03.8     31.4    19:01      NE
----------------------------------------------------------------------------------------------------------------------------------------------------------
21.4 (21.5)   29.9  day 08     12.5  day 21   000.0    092.2   050.4   04.3     64.8   day 12     WSW
Min <=   30: 30
Max Rain: 17.4 ON 3-09-12
Days of Rain: 66 (> .2mm) 58 (> 2mm) 0 (> 20mm)