MONTHLY CLIMATOLOGICAL SUMMARY for SEP. 2013

NAME: DAVIS VP2   CITY: Arena Metato (San Giuliano Terme) (PI) STATE: Italia
ELEV: 15 LAT: 043:46:46 LONG: -010:22:1

                            TEMPERATURE ( C), RAIN (mm), WIND SPEED (kmh)

                                               HEAT     COOL           AVG
      MEAN                                     DEG      DEG            WIND                       DOM
DAY   TEMP    HIGH   TIME     LOW    TIME      DAYS     DAYS    RAIN   SPEED    HIGH    TIME      DIR
----------------------------------------------------------------------------------------------------------------------------------------------------------
01    23.0    29.8   13:53    16.4   07:06     00.0     04.7    00.0   03.0     24.1    15:12     WNW
02    23.1    29.4   13:53    17.1   06:36     00.0     04.8    00.0   02.8     22.2    16:26      NW
03    23.3    29.6   14:02    17.1   06:28     00.0     05.0    00.0   03.4     27.8    17:09      NW
04    24.0    32.4   14:22    16.5   06:47     00.0     05.7    00.0   02.1     29.6    15:41      W 
05    23.4    29.5   12:32    17.1   06:58     00.0     05.1    00.0   02.7     24.1    15:14      W 
06    23.0    28.9   14:55    16.6   07:00     00.0     04.7    00.0   03.2     20.4    16:59     WNW
07    23.4    28.5   14:43    18.1   05:53     00.0     05.1    00.0   02.4     22.2    17:21      NW
08    23.0    26.7   14:02    19.4   06:06     00.0     04.7    00.0   01.9     22.2    15:21      N 
09    23.6    26.5   14:12    21.5   02:41     00.0     05.3    00.0   10.6     40.7    14:20     WNW
10    22.6    24.9   12:41    20.3   07:37     00.0     04.3    00.0   09.0     48.1    15:59     WNW
11    21.7    23.2   12:08    17.5   23:57     00.0     03.4    01.4   12.4     48.1    05:01     WNW
12    19.4    23.0   13:55    15.8   07:27     00.0     01.1    01.0   04.8     29.6    02:16     NNW
13    19.6    23.9   15:20    14.7   07:05     00.0     01.3    00.0   04.0     27.8    15:37     WNW
14    19.5    24.7   17:39    13.4   07:37     00.0     01.2    00.0   02.3     25.9    14:28     WNW
15    19.1    22.4   14:36    16.7   07:00     00.0     00.8    05.6   04.7     35.1    15:17      N 
16    19.4    22.8   14:02    15.9   05:08     00.0     01.1    00.2   06.7     42.5    23:59     WNW
17    20.6    23.9   13:50    16.8   23:41     00.0     02.3    00.0   14.3     57.4    05:04     WNW
18    18.5    22.1   13:37    12.7   07:14     00.0     00.2    01.0   02.6     33.3    21:05     NNW
19    20.5    25.3   14:42    16.8   23:29     00.0     02.2    00.4   02.8     22.2    14:48     NNW
20    19.9    26.6   14:53    14.3   06:29     00.0     01.6    00.0   02.1     20.4    17:31     NNW
21    19.6    25.6   14:53    13.9   07:25     00.0     01.3    00.0   02.4     22.2    15:37     NNW
22    20.2    27.1   14:41    14.3   07:20     00.0     01.9    00.2   03.2     24.1    17:36     NNW
23    19.4    25.8   13:38    13.2   07:14     00.0     01.1    00.0   02.5     22.2    15:48      NW
24    18.8    23.9   15:47    14.2   07:37     00.0     00.5    00.0   02.9     24.1    15:27      NW
25    18.9    24.3   14:18    13.2   07:20     00.0     00.6    00.2   02.2     25.9    14:05      NW
26    20.2    24.3   15:24    17.5   06:32     00.0     01.9    00.0   02.4     24.1    15:19      NW
27    20.2    23.4   14:47    18.6   00:01     00.0     01.9    00.2   01.1     18.5    15:02     NNW
28    21.5    25.3   13:38    18.6   05:22     00.0     03.2    00.0   01.8     27.8    14:11     WNW
29    18.6    21.2   00:03    16.9   10:43     00.0     00.3    49.8   04.0     46.3    10:43     NNE
30    18.7    22.0   15:20    16.1   07:22     00.0     00.4    00.8   02.2     20.4    15:57      NW
----------------------------------------------------------------------------------------------------------------------------------------------------------
20.9 (21.0)   32.4  day 04     12.7  day 18   000.0    077.5   060.8   04.1     57.4   day 17      NW
Max >=  30: 1
Min <=   30: 30
Max Rain: 49.8 ON 29-09-13
Days of Rain: 65 (> .2mm) 2 (> 2mm) 1 (> 20mm)