MONTHLY CLIMATOLOGICAL SUMMARY for SEP. 2016

NAME:    CITY:  STATE: 
ELEV:  LAT:  LONG: 

                            TEMPERATURE ( C), RAIN (mm), WIND SPEED (kmh)

                                               HEAT     COOL           AVG
      MEAN                                     DEG      DEG            WIND                       DOM
DAY   TEMP    HIGH   TIME     LOW    TIME      DAYS     DAYS    RAIN   SPEED    HIGH    TIME      DIR
----------------------------------------------------------------------------------------------------------------------------------------------------------
05    25.7    29.2   14:48    22.5   23:41     00.0     07.4    00.0   04.1     25.9    16:51      N 
06    24.2    28.7   14:30    18.6   23:52     00.0     05.9    03.0   08.6     62.9    19:31      N 
07    22.6    27.9   15:25    16.4   07:30     00.0     04.3    00.0   04.0     24.1    17:09     NNW
08    24.9    28.7   14:35    21.8   07:23     00.0     06.6    00.0   06.5     27.8    16:57     NNW
09    24.6    32.4   15:22    17.2   07:00     00.0     06.3    00.0   03.2     24.1    15:38      W 
10    25.3    30.5   13:23    19.1   07:30     00.0     07.0    00.0   04.9     25.9    13:01     WNW
11    24.6    30.5   13:38    18.9   07:33     00.0     06.3    00.0   04.5     27.8    15:44      NW
12    24.1    30.4   13:13    18.3   06:10     00.0     05.8    00.0   04.4     27.8    15:42      NW
13    24.5    32.2   13:57    17.6   07:14     00.0     06.2    00.0   03.7     27.8    16:26     WSW
14    23.3    29.2   13:06    18.0   06:49     00.0     05.0    00.0   03.8     25.9    14:35     WSW
15    22.8    27.7   17:10    20.0   03:08     00.0     04.5    05.6   04.0     29.6    13:24      E 
16    19.9    21.8   01:34    18.1   00:00     00.0     01.6    42.2   04.4     33.3    16:23      NE
17    20.3    24.3   13:27    15.9   06:26     00.0     02.0    21.0   07.6     37.0    14:29      SW
18    18.2    20.6   16:48    16.6   00:00     00.1     00.0    01.8   03.7     22.2    16:23     NNE
19    18.9    24.1   16:38    13.1   07:30     00.0     00.6    00.0   04.3     29.6    15:06     WNW
20    20.4    25.6   13:02    15.7   07:16     00.0     02.1    00.0   03.1     18.5    16:23     WNW
21    19.9    27.1   15:18    15.4   07:05     00.0     01.6    00.6   03.3     38.9    17:13     SSE
22    20.2    26.1   14:17    15.1   07:29     00.0     01.9    00.0   04.2     31.4    16:03     NNW
23    19.9    26.7   14:23    14.1   07:14     00.0     01.6    00.0   02.9     18.5    16:14      SW
24    20.6    27.1   14:53    15.4   07:49     00.0     02.3    00.0   03.8     31.4    11:01      NE
25    19.5    26.5   13:41    13.1   07:45     00.0     01.2    00.0   04.6     29.6    16:10     WNW
26    19.6    27.0   14:38    12.9   07:26     00.0     01.3    00.0   04.7     29.6    13:09     NNE
27    20.4    26.9   14:06    13.3   07:04     00.0     02.1    00.0   04.2     25.9    11:41     ENE
28    20.3    26.1   13:17    14.2   07:39     00.0     02.0    00.0   04.2     20.4    15:46     WNW
29    19.2    24.5   15:26    13.8   07:27     00.0     00.9    00.0   03.8     22.2    14:41     WSW
30    18.8    23.8   16:21    14.2   07:05     00.0     00.5    00.0   03.1     25.9    15:28      SW
----------------------------------------------------------------------------------------------------------------------------------------------------------
21.6 (21.8)   32.4  day 09     12.9  day 26   000.1    087.1   074.2   04.4     62.9   day 06      NW
Max >=  30: 5
Min <=   30: 26
Max Rain: 42.2 ON 16-09-16
Days of Rain: 6 (> .2mm) 4 (> 2mm) 2 (> 20mm)