MONTHLY CLIMATOLOGICAL SUMMARY for SEP. 2018

NAME:    CITY:  STATE: 
ELEV:  LAT:  LONG: 

                            TEMPERATURE ( C), RAIN (mm), WIND SPEED (kmh)

                                               HEAT     COOL           AVG
      MEAN                                     DEG      DEG            WIND                       DOM
DAY   TEMP    HIGH   TIME     LOW    TIME      DAYS     DAYS    RAIN   SPEED    HIGH    TIME      DIR
----------------------------------------------------------------------------------------------------------------------------------------------------------
01    21.3    24.1   11:04    18.0   12:57     00.0     03.0    05.4   05.8     31.4    13:21      NE
02    20.7    25.2   17:55    17.0   04:12     00.0     02.4    00.6   03.6     25.9    13:11     ENE
03    19.8    24.6   16:46    16.1   07:03     00.0     01.5    00.4   03.1     22.2    23:49     WSW
04    21.7    26.7   15:55    16.4   05:37     00.0     03.4    00.0   03.8     22.2    16:35      SW
05    22.4    27.8   13:20    17.3   07:31     00.0     04.1    00.0   03.4     25.9    13:56      W 
06    22.5    29.2   13:53    16.6   07:26     00.0     04.2    00.0   03.3     25.9    14:42      SW
07    22.3    27.2   15:58    18.4   06:21     00.0     04.0    00.0   03.5     22.2    17:04     SSW
08    23.0    28.5   13:17    18.3   07:08     00.0     04.7    00.0   04.5     25.9    16:04      W 
09    23.4    29.1   15:37    17.7   07:07     00.0     05.1    00.0   04.0     20.4    14:42      W 
10    23.2    29.6   12:32    16.8   07:20     00.0     04.9    00.0   03.1     16.6    13:37      W 
11    23.6    30.5   12:48    16.6   07:20     00.0     05.3    00.0   03.4     20.4    16:12     WNW
12    23.4    31.3   13:30    16.7   07:24     00.0     05.1    00.0   04.2     24.1    14:05     WNW
13    22.7    25.8   14:43    19.3   07:51     00.0     04.4    00.0   02.5     14.8    14:46      SE
14    23.0    28.1   12:41    18.3   05:32     00.0     04.7    00.0   03.7     24.1    12:44      W 
15    23.3    28.1   13:33    19.5   06:36     00.0     05.0    00.0   04.3     24.1    17:43     WNW
16    23.3    29.1   12:23    18.2   07:35     00.0     05.0    00.0   03.0     20.4    16:53     WSW
17    23.3    28.4   15:20    20.1   06:54     00.0     05.0    01.6   03.3     22.2    15:20      NW
18    23.4    28.8   13:31    18.7   06:39     00.0     05.1    00.0   03.1     24.1    13:52      W 
19    23.6    28.9   15:22    18.7   06:36     00.0     05.3    00.0   04.0     24.1    16:31      NW
20    24.4    30.3   14:55    18.1   07:27     00.0     06.1    00.0   04.4     24.1    16:56     WNW
21    23.7    30.8   13:15    18.3   07:40     00.0     05.4    00.0   04.5     27.8    15:53      W 
22    23.8    29.2   13:27    19.2   06:03     00.0     05.5    00.0   03.5     24.1    14:06     SSW
23    23.5    28.5   13:22    18.9   07:36     00.0     05.2    00.0   03.6     25.9    15:04     SSW
24    24.5    30.4   14:17    20.6   00:00     00.0     06.2    00.0   09.6     48.1    21:23     ENE
25    20.0    23.5   14:40    17.4   23:59     00.0     01.7    00.0   19.5     51.8    08:25     ENE
26    18.3    23.3   16:52    13.1   00:00     00.0     00.0    00.0   10.9     48.1    03:55     ENE
27    16.5    25.3   13:25    07.7   07:16     01.8     00.0    00.0   03.2     20.4    15:43     WNW
28    17.9    26.2   15:23    09.2   07:19     00.4     00.0    00.0   04.2     22.2    14:26     WNW
29    21.3    29.2   16:00    11.3   07:41     00.0     03.0    00.0   06.5     31.4    15:27     ENE
30    21.6    27.6   15:05    15.5   07:54     00.0     03.3    00.0   04.5     24.1    15:57     NNE
----------------------------------------------------------------------------------------------------------------------------------------------------------
22.2 (22.4)   31.3  day 12     07.7  day 27   002.3    118.5   008.0   04.8     51.8   day 25      NE
Max >=  30: 5
Min <=   30: 30
Max Rain: 5.4 ON 1-09-18
Days of Rain: 4 (> .2mm) 1 (> 2mm) 0 (> 20mm)