MONTHLY CLIMATOLOGICAL SUMMARY for SEP. 2021

NAME: DAVIS VP2   CITY: Arena Metato (San Giuliano Terme) (PI) STATE: Italia
ELEV: 15 LAT: 043:46:46 LONG: -010:22:1

                            TEMPERATURE ( C), RAIN (mm), WIND SPEED (kmh)

                                               HEAT     COOL           AVG
      MEAN                                     DEG      DEG            WIND                       DOM
DAY   TEMP    HIGH   TIME     LOW    TIME      DAYS     DAYS    RAIN   SPEED    HIGH    TIME      DIR
----------------------------------------------------------------------------------------------------------------------------------------------------------
01    22.0    27.8   16:35    15.3   07:09     00.0     03.7    00.0   05.8     24.1    15:18      W 
02    23.9    31.6   16:18    17.5   05:01     00.0     05.6    00.0   07.1     37.0    10:31     ENE
03    23.9    29.8   14:08    18.8   03:27     00.0     05.6    00.0   05.4     25.9    16:14      W 
04    21.4    25.1   17:37    17.4   23:43     00.0     03.1    05.2   03.6     20.4    14:53      NE
05    21.7    28.1   15:38    15.0   06:57     00.0     03.4    00.0   06.0     25.9    16:33     WNW
06    23.5    28.8   12:39    18.5   08:15     00.0     05.2    00.0   06.1     27.8    13:57     WNW
07    23.0    28.0   11:15    16.3   07:04     00.0     04.7    00.0   06.7     25.9    17:04     WNW
08    23.6    29.9   13:33    17.7   02:27     00.0     05.3    00.0   07.5     31.4    10:59     NNW
09    22.5    28.9   12:55    16.1   06:52     00.0     04.2    00.0   04.6     24.1    14:10      SW
10    21.7    30.1   13:16    15.1   06:50     00.0     03.4    00.0   03.4     25.9    14:09      SW
11    21.9    28.5   12:08    15.3   07:13     00.0     03.6    00.0   04.8     22.2    17:42      W 
12    22.5    29.0   13:52    16.4   07:26     00.0     04.2    00.0   05.3     24.1    17:57     WNW
13    22.1    27.3   14:06    16.6   07:12     00.0     03.8    00.0   05.3     25.9    15:44     WSW
14    22.0    27.0   11:49    17.0   06:56     00.0     03.7    00.0   03.7     18.5    15:29     WSW
15    21.7    27.2   15:37    18.2   06:12     00.0     03.4    00.2   02.8     20.4    15:19     SSE
16    23.4    27.7   16:06    19.4   01:54     00.0     05.1    00.4   06.9     40.7    17:36     SSE
17    21.9    25.8   15:14    19.4   07:10     00.0     03.6    14.6   04.6     31.4    15:23      SW
18    22.5    26.1   15:35    20.2   00:00     00.0     04.2    00.4   04.7     27.8    13:08     WSW
19    20.7    24.4   15:09    17.7   06:04     00.0     02.4    12.2   08.4     40.7    13:47     SSW
20    20.4    24.2   13:37    17.3   07:11     00.0     02.1    00.6   05.8     29.6    14:23      SE
21    21.1    26.5   16:57    16.8   07:48     00.0     02.8    00.0   04.8     27.8    12:49     ENE
22    21.1    27.5   14:47    16.8   07:45     00.0     02.8    00.0   05.0     24.1    02:29      N 
23    20.9    27.0   14:33    16.3   00:00     00.0     02.6    00.0   05.5     29.6    03:03      N 
24    19.9    26.6   14:34    12.8   07:15     00.0     01.6    00.0   04.1     25.9    15:47      S 
25    21.9    28.3   16:24    17.2   03:52     00.0     03.6    00.0   02.8     18.5    09:19     ENE
26    21.8    27.4   14:27    17.2   23:59     00.0     03.5    07.6   06.0     57.4    17:02      E 
27    19.8    25.6   14:08    15.6   05:18     00.0     01.5    00.0   03.4     18.5    18:07     WSW
28    20.5    26.3   15:37    15.1   07:41     00.0     02.2    00.2   04.1     22.2    17:10     WNW
29    20.2    25.6   14:41    15.7   07:08     00.0     01.9    00.2   03.7     20.4    15:05      S 
30    20.3    27.1   13:11    14.6   07:41     00.0     02.0    00.0   04.3     22.2    14:56      NW
----------------------------------------------------------------------------------------------------------------------------------------------------------
21.8 (22.1)   31.6  day 02     12.8  day 24   000.0    104.6   041.6   05.1     57.4   day 26     WSW
Max >=  30: 2
Min <=   30: 30
Max Rain: 14.6 ON 17-09-21
Days of Rain: 10 (> .2mm) 4 (> 2mm) 0 (> 20mm)