MONTHLY CLIMATOLOGICAL SUMMARY for SEP. 2022

NAME: DAVIS VP2   CITY: Arena Metato (San Giuliano Terme) (PI) STATE: Italia
ELEV: 15 LAT: 043:46:46 LONG: -010:22:1

                            TEMPERATURE ( C), RAIN (mm), WIND SPEED (kmh)

                                               HEAT     COOL           AVG
      MEAN                                     DEG      DEG            WIND                       DOM
DAY   TEMP    HIGH   TIME     LOW    TIME      DAYS     DAYS    RAIN   SPEED    HIGH    TIME      DIR
----------------------------------------------------------------------------------------------------------------------------------------------------------
01    24.7    29.7   16:17    21.0   07:12     00.0     06.4    00.0   04.8     25.9    15:30      S 
02    23.8    28.6   13:43    19.9   08:11     00.0     05.5    00.0   04.4     27.8    14:48      NE
03    22.7    28.6   16:20    19.4   09:54     00.0     04.4    02.6   04.4     25.9    17:22      NE
04    23.6    30.0   16:22    19.5   05:42     00.0     05.3    00.0   04.4     18.5    17:23     SSE
05    24.4    32.2   14:38    18.0   06:58     00.0     06.1    00.0   03.6     24.1    15:56     SSE
06    24.8    31.6   13:51    17.9   06:54     00.0     06.5    00.0   03.8     27.8    14:27     ESE
07    26.0    31.7   13:22    21.2   06:27     00.0     07.7    00.0   04.0     27.8    15:51      SE
08    25.1    28.9   15:03    21.3   06:10     00.0     06.8    01.2   05.5     37.0    04:55     SSE
09    24.5    28.1   16:59    20.1   05:44     00.0     06.2    00.2   08.4     40.7    15:04     SSW
10    24.3    27.5   14:45    20.9   07:13     00.0     06.0    00.0   06.9     37.0    00:06     SSE
11    23.0    27.7   14:00    17.9   06:35     00.0     04.7    00.0   04.2     24.1    14:07     SSE
12    22.8    29.7   12:49    17.0   06:38     00.0     04.5    00.0   04.0     24.1    13:33     SSE
13    22.5    28.9   13:53    16.5   07:19     00.0     04.2    00.0   03.7     22.2    15:33     ENE
14    24.5    29.8   15:20    21.0   06:17     00.0     06.2    00.0   06.4     37.0    17:23     SSE
15    25.2    29.3   15:09    21.4   09:30     00.0     06.9    03.4   07.2     38.9    16:11      S 
16    24.5    27.5   14:02    22.2   06:20     00.0     06.2    00.0   10.9     42.5    23:58     SSW
17    20.6    24.3   01:33    13.3   00:00     00.0     02.3    06.2   11.0     42.5    01:06      SE
18    17.0    24.7   14:30    10.0   05:08     01.3     00.0    00.0   03.9     18.5    16:30     ESE
19    19.7    26.4   15:42    14.6   07:22     00.0     01.4    00.0   04.0     18.5    18:11      SW
20    20.7    27.9   14:28    13.5   07:40     00.0     02.4    00.0   05.2     24.1    16:32      NE
21    20.0    24.0   14:25    16.7   00:49     00.0     01.7    00.0   12.3     55.5    10:02     ENE
22    18.8    23.8   16:32    13.3   07:04     00.0     00.5    00.0   07.3     31.4    21:49     ENE
23    17.5    24.0   13:55    10.9   07:32     00.8     00.0    00.0   04.8     22.2    17:30     ENE
24    16.4    19.8   14:37    13.1   02:00     01.9     00.0    05.2   05.4     20.4    21:51      NE
25    19.1    22.8   16:37    16.7   07:32     00.0     00.8    00.2   04.6     18.5    14:51      SE
26    19.3    24.0   15:58    15.4   06:24     00.0     01.0    00.0   07.0     37.0    23:32      SW
28    19.6    21.9   16:44    15.5   05:39     00.0     01.3    01.2   13.4     50.0    17:14     SSW
29    20.1    22.4   13:37    17.0   23:33     00.0     01.8    00.2   13.1     50.0    13:18      SW
30    16.8    19.8   14:29    14.1   00:00     01.5     00.0    08.4   05.5     27.8    00:28      NE
----------------------------------------------------------------------------------------------------------------------------------------------------------
21.8 (22.0)   32.2  day 05     10.0  day 18   005.5    106.7   028.8   06.3     55.5   day 28     SSE
Max >=  30: 4
Min <=   30: 29
Max Rain: 8.4 ON 30-09-22
Days of Rain: 10 (> .2mm) 5 (> 2mm) 0 (> 20mm)