YEARLY CLIMATOLOGICAL SUMMARY for Dec 2020

NAME: DAVIS VP2   CITY: Arena Metato (San Giuliano Terme) (PI) STATE: Italia
ELEV: 15 LAT: 043:46:46 LONG: -010:22:1

                            TEMPERATURE ( C), RAIN (mm), WIND SPEED (kmh)

                                                 HEAT     COOL           AVG
      MEAN                                       DEG      DEG            WIND                        DOM
MTH   TEMP    HIGH   TIME      LOW     TIME      DAYS     DAYS   RAIN    SPEED    HIGH    TIME       DIR
----------------------------------------------------------------------------------------------------------------------------------------------------------
01    08.7    17.7   15:50    00.0   08:01    0298.3    0000.0    36.2    02.9     61.0    23:59      NE
02    11.3    18.7   13:38    00.6   06:52    0203.3    0000.0    47.6    04.2     59.2    23:55      N 
03    11.1    22.3   13:33    00.1   05:55    0222.6    0000.0    62.8    04.8     62.9    23:54     NNE
04    14.6    23.0   13:28    01.6   06:31    0111.1    0000.0    38.0    02.3     46.3    23:52     NNE
05    19.6    27.9   15:33    11.2   06:47    0005.5    0046.5    53.8    01.1     44.4    23:59     NNE
06    21.3    31.1   11:41    14.0   06:13    0002.7    0094.0    92.8    01.4     48.1    23:59     NNE
07    24.7    33.1   13:13    16.9   05:46    0000.0    0199.9    07.6    00.5     57.4    23:59     NNE
08    25.4    34.5   14:16    14.9   23:44    0000.0    0221.2    32.2    04.5     55.5    23:56      NE
09    21.6    33.3   14:48    09.2   05:41    0013.0    0112.8    48.6    04.5     64.8    23:58     NNE
10    14.9    21.5   15:55    07.0   07:02    0055.7    0000.3    154.0    03.7     48.1    23:58     NNE
11    10.6    21.2   14:55    05.3   16:58    0173.1    0000.0    28.6    03.4     46.3    23:59      NE
12    08.2    15.6   15:34    00.1   08:02    0087.4    0000.0    252.0    07.2     57.4    23:59      NE
----------------------------------------------------------------------------------------------------------------------------------------------------------
      16.8    34.5            00.0            1172.5     674.7   854.2     3.1     64.8               NE

Max >=  32.0: 38
Max <=   0.0: 0
Min <=   0.0: 322
Min <= -18.0: 3
Max >=  32.0: 38
Max <=   0.0: 0
Min <=   0.0: 322
Min <= -18.0: 3
Max <=  -5.0: 0
Min <=  -5.0: 3
Max <= -10.0: 0
Min <= -10.0: 3
Max <= -15.0: 0
Min <= -15.0: 3
Max <= -20.0: 0
Min <= -20.0: 3
Max <= -25.0: 0
Min <= -25.0: 3
Max Rain: 22.4 ON 31-01-21
Days of Rain: 117 (> .2mm) 51 (> 2mm) 4 (> 20mm)