YEARLY CLIMATOLOGICAL SUMMARY for Oct 2022

NAME: DAVIS VP2   CITY: Arena Metato (San Giuliano Terme) (PI) STATE: Italia
ELEV: 15 LAT: 043:46:46 LONG: -010:22:1

                            TEMPERATURE ( C), RAIN (mm), WIND SPEED (kmh)

                                                 HEAT     COOL           AVG
      MEAN                                       DEG      DEG            WIND                        DOM
MTH   TEMP    HIGH   TIME      LOW     TIME      DAYS     DAYS   RAIN    SPEED    HIGH    TIME       DIR
----------------------------------------------------------------------------------------------------------------------------------------------------------
01    07.8    17.0   13:27   -01.2   08:00    0326.3    0000.0    29.0    03.6     38.9    23:59      SE
02    09.3    17.5   14:20   -00.1   07:00    0239.4    0000.0    41.2    04.3     50.0    15:39      SE
03    10.2    23.4   16:57   -01.8   06:28    0251.9    0000.0    36.0    06.2     68.5    23:56      E 
04    13.1    25.8   16:50    01.6   06:55    0153.5    0000.0    55.8    06.7     55.5    17:45     ESE
05    19.7    34.7   13:25    09.1   06:50    0018.8    0064.3    21.0    05.1     42.5    23:52      SE
06    24.4    35.0   15:05    15.4   05:53    0000.0    0177.3    07.2    05.0     42.5    13:44      S 
07    26.6    36.7   13:12    17.4   03:38    0000.0    0257.1    00.2    05.2     29.6    23:59      SW
08    24.9    30.3   13:58    19.3   07:10    0000.0    0026.9    20.0    04.1     27.8    23:59      SW
09    21.8    32.2   14:38    10.0   05:08    0004.1    0106.6    28.8    06.5     55.5    00:28     SSW
10    16.0    25.8   12:56    09.4   07:10    0006.1    0000.0    06.2    02.7     16.6    23:59     SSW
----------------------------------------------------------------------------------------------------------------------------------------------------------
      16.7    36.7            -1.8            1000.0     632.3   245.4     5.3     68.5              SSW

Max >=  32.0: 47
Max <=   0.0: 0
Min <=   0.0: 244
Min <= -18.0: 0
Max >=  32.0: 47
Max <=   0.0: 0
Min <=   0.0: 244
Min <= -18.0: 0
Max <=  -5.0: 0
Min <=  -5.0: 0
Max <= -10.0: 0
Min <= -10.0: 0
Max <= -15.0: 0
Min <= -15.0: 0
Max <= -20.0: 0
Min <= -20.0: 0
Max <= -25.0: 0
Min <= -25.0: 0
Max Rain: 8.4 ON 30-01-22
Days of Rain: 59 (> .2mm) 25 (> 2mm) 1 (> 20mm)